{"id":872,"date":"2023-05-02T18:38:23","date_gmt":"2023-05-02T18:38:23","guid":{"rendered":"https:\/\/www.corporacionfourglobal.com\/tienda\/?page_id=872"},"modified":"2025-03-26T00:50:15","modified_gmt":"2025-03-26T00:50:15","slug":"burbuja-antiestatica","status":"publish","type":"page","link":"https:\/\/www.corporacionfourglobal.com\/tienda\/burbuja-antiestatica\/","title":{"rendered":"BURBUJA ANTIESTATICA"},"content":{"rendered":"\n\n  <div class=\"banner has-hover\" id=\"banner-1219200070\">\n          <div class=\"banner-inner fill\">\n        <div class=\"banner-bg fill\" >\n            <img loading=\"lazy\" decoding=\"async\" width=\"1020\" height=\"390\" src=\"https:\/\/www.corporacionfourglobal.com\/tienda\/wp-content\/uploads\/2023\/05\/burbuja-estatica-1.jpg\" class=\"bg attachment-large size-large\" alt=\"\" \/>                                    \n                    <\/div>\n\t\t\n        <div class=\"banner-layers container\">\n            <div class=\"fill banner-link\"><\/div>            \n\n   <div id=\"text-box-1544760573\" class=\"text-box banner-layer x50 md-x50 lg-x50 y50 md-y50 lg-y50 res-text\">\n                                <div class=\"text-box-content text dark\">\n              \n              <div class=\"text-inner text-center\">\n                  \n\n\n              <\/div>\n           <\/div>\n                            \n<style>\n#text-box-1544760573 {\n  width: 60%;\n}\n#text-box-1544760573 .text-box-content {\n  font-size: 100%;\n}\n<\/style>\n    <\/div>\n \n\n        <\/div>\n      <\/div>\n\n            \n<style>\n#banner-1219200070 {\n  padding-top: 400px;\n}\n<\/style>\n  <\/div>\n\n\n<div class=\"row\"  id=\"row-2093714422\">\n\n\n\t<div id=\"col-900436479\" class=\"col small-12 large-12\"  >\n\t\t\t\t<div class=\"col-inner\"  >\n\t\t\t\n\t\t\t\n\n\t<div id=\"text-657974753\" class=\"text\">\n\t\t\n\n<h2 align=\"center\"> BURBUJA ANTIEST\u00c1TICA <\/h2>\n<p>Es una pel\u00edcula extruida de polietileno de baja densidad con burbujas de aire de alta resistencia y de tonalidad rosada<\/p>\n\t\t\n<style>\n#text-657974753 {\n  text-align: center;\n}\n<\/style>\n\t<\/div>\n\t\n<div class=\"row\"  id=\"row-1787669229\">\n\n\n\t<div id=\"col-1800431012\" class=\"col small-12 large-12\"  >\n\t\t\t\t<div class=\"col-inner\"  >\n\t\t\t\n\t\t\t\n\n\n\n<table width=\"100%\" border=\"0\" class=\"table-rwd\">\n  <tbody>\n\n<tr>\n\n <td><strong>DESCRIPCI\u00d3N<\/strong><\/td>\n <td><strong>MATERIAL<\/strong><\/td>\n      <td><strong>ANCHO<\/strong><\/td>\n <td><strong>LARGO<\/strong><\/td>\n<td><strong>COLOR<\/strong><\/td>\n\n    <\/tr>\n    \t\t\t\n<tr>\n<td>REDUCE DA\u00d1OS POR\nMANIPULACI\u00d3N Y TRANSPORTE, FLEXIBLE Y VERS\u00c1TIL, RESISTENTE A LA\nHUMEDAD, RECICLABLE Y LIBRE DE CFC.\n<\/td>\n<td> POLIETILENO DE BAJA DENSIDAD <\/td>\n<td> 1220 mm <\/td>\n<td> 61.5 m <\/td>\n<td> ROSA <\/td>\t\n\n\n\t\n\t<\/tr>\n\n    \n  <\/tbody>\n<\/table>\n\n<h2 data-start=\"104\" data-end=\"184\"><strong data-start=\"106\" data-end=\"184\">Rollo Burbuja Antiest\u00e1tica: Protecci\u00f3n Segura para tus Productos Sensibles<\/strong><\/h2>\n<h4 data-start=\"186\" data-end=\"271\"><strong data-start=\"190\" data-end=\"271\">La Soluci\u00f3n Ideal para Empacar y Proteger Electr\u00f3nica y Componentes Sensibles<\/strong><\/h4>\n<h4 class=\"\" data-start=\"273\" data-end=\"349\"><strong data-start=\"278\" data-end=\"349\">M\u00e1xima Protecci\u00f3n contra Descargas Electroest\u00e1ticas y Da\u00f1os F\u00edsicos<\/strong><\/h4>\n<p class=\"\" data-start=\"351\" data-end=\"734\">Ofrecemos <strong data-start=\"388\" data-end=\"418\">Rollo Burbuja Antiest\u00e1tica<\/strong> de alta calidad, dise\u00f1ado especialmente para proteger equipos electr\u00f3nicos y componentes sensibles durante el transporte y almacenamiento. Nuestra burbuja antiest\u00e1tica proporciona una barrera confiable contra las descargas electrost\u00e1ticas, asegurando que tus productos lleguen a su destino en perfectas condiciones.<\/p>\n<hr class=\"\" data-start=\"736\" data-end=\"739\" \/>\n<h3 class=\"\" data-start=\"741\" data-end=\"833\"><strong data-start=\"745\" data-end=\"833\">\u00bfPor qu\u00e9 elegir nuestro Rollo Burbuja Antiest\u00e1tica?\u00a0<\/strong><\/h3>\n<ul data-start=\"835\" data-end=\"1324\">\n<li class=\"\" data-start=\"835\" data-end=\"973\">\n<p class=\"\" data-start=\"837\" data-end=\"973\"><strong data-start=\"837\" data-end=\"865\">Protecci\u00f3n antiest\u00e1tica:<\/strong> Previene la acumulaci\u00f3n de cargas el\u00e9ctricas que pueden da\u00f1ar equipos electr\u00f3nicos y componentes delicados.<\/p>\n<\/li>\n<li class=\"\" data-start=\"974\" data-end=\"1072\">\n<p class=\"\" data-start=\"976\" data-end=\"1072\"><strong data-start=\"976\" data-end=\"997\">Alta durabilidad:<\/strong> Resistente a perforaciones y rupturas, ideal para env\u00edos de largo alcance.<\/p>\n<\/li>\n<li class=\"\" data-start=\"1073\" data-end=\"1197\">\n<p class=\"\" data-start=\"1075\" data-end=\"1197\"><strong data-start=\"1075\" data-end=\"1097\">Ligero y flexible:<\/strong> Su f\u00e1cil manejo y adaptaci\u00f3n a cualquier forma hacen que sea ideal para cualquier tipo de embalaje.<\/p>\n<\/li>\n<li class=\"\" data-start=\"1198\" data-end=\"1324\">\n<p class=\"\" data-start=\"1200\" data-end=\"1324\"><strong data-start=\"1200\" data-end=\"1235\">Variedad de tama\u00f1os y grosores:<\/strong> Disponemos de diferentes tama\u00f1os de rollo para ajustarnos a tus necesidades de embalaje.<\/p>\n<\/li>\n<\/ul>\n<hr class=\"\" data-start=\"1326\" data-end=\"1329\" \/>\n<h3 class=\"\" data-start=\"1331\" data-end=\"1393\"><strong data-start=\"1335\" data-end=\"1393\">Beneficios Clave de Nuestro Rollo Burbuja Antiest\u00e1tica<\/strong><\/h3>\n<p class=\"\" data-start=\"1395\" data-end=\"1974\">\u2714 <strong data-start=\"1397\" data-end=\"1418\">Protecci\u00f3n total:<\/strong> Ideal para dispositivos electr\u00f3nicos, componentes inform\u00e1ticos y productos sensibles.<br data-start=\"1504\" data-end=\"1507\" \/>\u2714 <strong data-start=\"1509\" data-end=\"1559\">Prevenci\u00f3n de da\u00f1os por electricidad est\u00e1tica:<\/strong> Protege equipos electr\u00f3nicos sensibles contra cargas electrost\u00e1ticas.<br data-start=\"1629\" data-end=\"1632\" \/>\u2714 <strong data-start=\"1634\" data-end=\"1652\">F\u00e1cil de usar:<\/strong> Puedes cortar el rollo a medida para adaptarlo a tus productos espec\u00edficos.<br data-start=\"1728\" data-end=\"1731\" \/>\u2714 <strong data-start=\"1733\" data-end=\"1758\">Resistencia superior:<\/strong> Alta resistencia al desgaste y da\u00f1os mec\u00e1nicos durante el transporte.<br data-start=\"1828\" data-end=\"1831\" \/>\u2714 <strong data-start=\"1833\" data-end=\"1862\">Versatilidad en embalaje:<\/strong> Usable en diversas aplicaciones, desde embalaje de componentes tecnol\u00f3gicos hasta env\u00edos de productos fr\u00e1giles.<\/p>\n<hr class=\"\" data-start=\"1976\" data-end=\"1979\" \/>\n<h3 class=\"\" data-start=\"1981\" data-end=\"2046\"><strong data-start=\"1985\" data-end=\"2046\">La Mejor Opci\u00f3n para Empresas y Profesionales del Empaque<\/strong><\/h3>\n<p class=\"\" data-start=\"2048\" data-end=\"2367\">Nuestro <strong data-start=\"2056\" data-end=\"2086\">Rollo Burbuja Antiest\u00e1tica<\/strong> es la elecci\u00f3n preferida por empresas de tecnolog\u00eda, distribuci\u00f3n y env\u00edo que buscan la mejor protecci\u00f3n para sus productos m\u00e1s valiosos. Ya sea que est\u00e9s embalando electr\u00f3nicos, piezas de computadora o cualquier otro art\u00edculo sensible, nuestra soluci\u00f3n te garantiza tranquilidad.<\/p>\n<hr class=\"\" data-start=\"2369\" data-end=\"2372\" \/>\n<h3 class=\"\" data-start=\"2374\" data-end=\"2456\"><strong data-start=\"2378\" data-end=\"2456\">Optimiza la Seguridad de tus Env\u00edos con Nuestro Rollo Burbuja Antiest\u00e1tica<\/strong><\/h3>\n<p class=\"\" data-start=\"2458\" data-end=\"2649\">No arriesgues la seguridad de tus productos electr\u00f3nicos. Protege tu mercanc\u00eda con el <strong data-start=\"2544\" data-end=\"2590\">Rollo Burbuja Antiest\u00e1tica de alta calidad<\/strong> y asegura un embalaje confiable. \u00a1Cont\u00e1ctanos ahora mismo!<\/p>\n\n\t\t<\/div>\n\t\t\t\t\t<\/div>\n\n\t\n\n<\/div>\n\n\t\t<\/div>\n\t\t\t\t\t<\/div>\n\n\t\n\n<\/div>\n\n","protected":false},"excerpt":{"rendered":"","protected":false},"author":1,"featured_media":0,"parent":0,"menu_order":0,"comment_status":"closed","ping_status":"closed","template":"","meta":{"_joinchat":[],"footnotes":""},"class_list":["post-872","page","type-page","status-publish","hentry"],"yoast_head":"<!-- This site is optimized with the Yoast SEO Premium plugin v24.6 (Yoast SEO v27.1.1) - https:\/\/yoast.com\/product\/yoast-seo-premium-wordpress\/ -->\n<title>BURBUJA ANTIESTATICA - Corporaci&oacute;n Four Global<\/title>\n<meta name=\"robots\" content=\"index, follow, max-snippet:-1, max-image-preview:large, max-video-preview:-1\" \/>\n<link rel=\"canonical\" href=\"https:\/\/www.corporacionfourglobal.com\/tienda\/burbuja-antiestatica\/\" \/>\n<meta property=\"og:locale\" content=\"es_ES\" \/>\n<meta property=\"og:type\" content=\"article\" \/>\n<meta property=\"og:title\" content=\"BURBUJA ANTIESTATICA\" \/>\n<meta property=\"og:url\" content=\"https:\/\/www.corporacionfourglobal.com\/tienda\/burbuja-antiestatica\/\" \/>\n<meta property=\"og:site_name\" content=\"Corporaci&oacute;n Four Global\" \/>\n<meta property=\"article:publisher\" content=\"https:\/\/www.facebook.com\/people\/CorporaciC3B3n-Four-Global\/100075753681876\/\" \/>\n<meta property=\"article:modified_time\" content=\"2025-03-26T00:50:15+00:00\" \/>\n<meta name=\"twitter:card\" content=\"summary_large_image\" \/>\n<script type=\"application\/ld+json\" class=\"yoast-schema-graph\">{\"@context\":\"https:\/\/schema.org\",\"@graph\":[{\"@type\":\"WebPage\",\"@id\":\"https:\/\/www.corporacionfourglobal.com\/tienda\/burbuja-antiestatica\/\",\"url\":\"https:\/\/www.corporacionfourglobal.com\/tienda\/burbuja-antiestatica\/\",\"name\":\"BURBUJA ANTIESTATICA - Corporaci&oacute;n Four Global\",\"isPartOf\":{\"@id\":\"https:\/\/www.corporacionfourglobal.com\/tienda\/#website\"},\"datePublished\":\"2023-05-02T18:38:23+00:00\",\"dateModified\":\"2025-03-26T00:50:15+00:00\",\"breadcrumb\":{\"@id\":\"https:\/\/www.corporacionfourglobal.com\/tienda\/burbuja-antiestatica\/#breadcrumb\"},\"inLanguage\":\"es\",\"potentialAction\":[{\"@type\":\"ReadAction\",\"target\":[\"https:\/\/www.corporacionfourglobal.com\/tienda\/burbuja-antiestatica\/\"]}]},{\"@type\":\"BreadcrumbList\",\"@id\":\"https:\/\/www.corporacionfourglobal.com\/tienda\/burbuja-antiestatica\/#breadcrumb\",\"itemListElement\":[{\"@type\":\"ListItem\",\"position\":1,\"name\":\"Portada\",\"item\":\"https:\/\/www.corporacionfourglobal.com\/tienda\/\"},{\"@type\":\"ListItem\",\"position\":2,\"name\":\"BURBUJA ANTIESTATICA\"}]},{\"@type\":\"WebSite\",\"@id\":\"https:\/\/www.corporacionfourglobal.com\/tienda\/#website\",\"url\":\"https:\/\/www.corporacionfourglobal.com\/tienda\/\",\"name\":\"Corporaci\u00f3n Four Global\",\"description\":\"Veloces, Confiables y Eficientes\",\"publisher\":{\"@id\":\"https:\/\/www.corporacionfourglobal.com\/tienda\/#organization\"},\"potentialAction\":[{\"@type\":\"SearchAction\",\"target\":{\"@type\":\"EntryPoint\",\"urlTemplate\":\"https:\/\/www.corporacionfourglobal.com\/tienda\/?s={search_term_string}\"},\"query-input\":{\"@type\":\"PropertyValueSpecification\",\"valueRequired\":true,\"valueName\":\"search_term_string\"}}],\"inLanguage\":\"es\"},{\"@type\":\"Organization\",\"@id\":\"https:\/\/www.corporacionfourglobal.com\/tienda\/#organization\",\"name\":\"Corporaci\u00f3n Four Global\",\"url\":\"https:\/\/www.corporacionfourglobal.com\/tienda\/\",\"logo\":{\"@type\":\"ImageObject\",\"inLanguage\":\"es\",\"@id\":\"https:\/\/www.corporacionfourglobal.com\/tienda\/#\/schema\/logo\/image\/\",\"url\":\"https:\/\/www.corporacionfourglobal.com\/tienda\/wp-content\/uploads\/2021\/10\/logo-web-2.jpg\",\"contentUrl\":\"https:\/\/www.corporacionfourglobal.com\/tienda\/wp-content\/uploads\/2021\/10\/logo-web-2.jpg\",\"width\":500,\"height\":500,\"caption\":\"Corporaci\u00f3n Four Global\"},\"image\":{\"@id\":\"https:\/\/www.corporacionfourglobal.com\/tienda\/#\/schema\/logo\/image\/\"},\"sameAs\":[\"https:\/\/www.facebook.com\/people\/CorporaciC3B3n-Four-Global\/100075753681876\/\",\"https:\/\/www.instagram.com\/fourglobal2021\/\"]}]}<\/script>\n<!-- \/ Yoast SEO Premium plugin. -->","yoast_head_json":{"title":"BURBUJA ANTIESTATICA - Corporaci&oacute;n Four Global","robots":{"index":"index","follow":"follow","max-snippet":"max-snippet:-1","max-image-preview":"max-image-preview:large","max-video-preview":"max-video-preview:-1"},"canonical":"https:\/\/www.corporacionfourglobal.com\/tienda\/burbuja-antiestatica\/","og_locale":"es_ES","og_type":"article","og_title":"BURBUJA ANTIESTATICA","og_url":"https:\/\/www.corporacionfourglobal.com\/tienda\/burbuja-antiestatica\/","og_site_name":"Corporaci&oacute;n Four Global","article_publisher":"https:\/\/www.facebook.com\/people\/CorporaciC3B3n-Four-Global\/100075753681876\/","article_modified_time":"2025-03-26T00:50:15+00:00","twitter_card":"summary_large_image","schema":{"@context":"https:\/\/schema.org","@graph":[{"@type":"WebPage","@id":"https:\/\/www.corporacionfourglobal.com\/tienda\/burbuja-antiestatica\/","url":"https:\/\/www.corporacionfourglobal.com\/tienda\/burbuja-antiestatica\/","name":"BURBUJA ANTIESTATICA - Corporaci&oacute;n Four Global","isPartOf":{"@id":"https:\/\/www.corporacionfourglobal.com\/tienda\/#website"},"datePublished":"2023-05-02T18:38:23+00:00","dateModified":"2025-03-26T00:50:15+00:00","breadcrumb":{"@id":"https:\/\/www.corporacionfourglobal.com\/tienda\/burbuja-antiestatica\/#breadcrumb"},"inLanguage":"es","potentialAction":[{"@type":"ReadAction","target":["https:\/\/www.corporacionfourglobal.com\/tienda\/burbuja-antiestatica\/"]}]},{"@type":"BreadcrumbList","@id":"https:\/\/www.corporacionfourglobal.com\/tienda\/burbuja-antiestatica\/#breadcrumb","itemListElement":[{"@type":"ListItem","position":1,"name":"Portada","item":"https:\/\/www.corporacionfourglobal.com\/tienda\/"},{"@type":"ListItem","position":2,"name":"BURBUJA ANTIESTATICA"}]},{"@type":"WebSite","@id":"https:\/\/www.corporacionfourglobal.com\/tienda\/#website","url":"https:\/\/www.corporacionfourglobal.com\/tienda\/","name":"Corporaci\u00f3n Four Global","description":"Veloces, Confiables y Eficientes","publisher":{"@id":"https:\/\/www.corporacionfourglobal.com\/tienda\/#organization"},"potentialAction":[{"@type":"SearchAction","target":{"@type":"EntryPoint","urlTemplate":"https:\/\/www.corporacionfourglobal.com\/tienda\/?s={search_term_string}"},"query-input":{"@type":"PropertyValueSpecification","valueRequired":true,"valueName":"search_term_string"}}],"inLanguage":"es"},{"@type":"Organization","@id":"https:\/\/www.corporacionfourglobal.com\/tienda\/#organization","name":"Corporaci\u00f3n Four Global","url":"https:\/\/www.corporacionfourglobal.com\/tienda\/","logo":{"@type":"ImageObject","inLanguage":"es","@id":"https:\/\/www.corporacionfourglobal.com\/tienda\/#\/schema\/logo\/image\/","url":"https:\/\/www.corporacionfourglobal.com\/tienda\/wp-content\/uploads\/2021\/10\/logo-web-2.jpg","contentUrl":"https:\/\/www.corporacionfourglobal.com\/tienda\/wp-content\/uploads\/2021\/10\/logo-web-2.jpg","width":500,"height":500,"caption":"Corporaci\u00f3n Four Global"},"image":{"@id":"https:\/\/www.corporacionfourglobal.com\/tienda\/#\/schema\/logo\/image\/"},"sameAs":["https:\/\/www.facebook.com\/people\/CorporaciC3B3n-Four-Global\/100075753681876\/","https:\/\/www.instagram.com\/fourglobal2021\/"]}]}},"_links":{"self":[{"href":"https:\/\/www.corporacionfourglobal.com\/tienda\/wp-json\/wp\/v2\/pages\/872","targetHints":{"allow":["GET"]}}],"collection":[{"href":"https:\/\/www.corporacionfourglobal.com\/tienda\/wp-json\/wp\/v2\/pages"}],"about":[{"href":"https:\/\/www.corporacionfourglobal.com\/tienda\/wp-json\/wp\/v2\/types\/page"}],"author":[{"embeddable":true,"href":"https:\/\/www.corporacionfourglobal.com\/tienda\/wp-json\/wp\/v2\/users\/1"}],"replies":[{"embeddable":true,"href":"https:\/\/www.corporacionfourglobal.com\/tienda\/wp-json\/wp\/v2\/comments?post=872"}],"version-history":[{"count":3,"href":"https:\/\/www.corporacionfourglobal.com\/tienda\/wp-json\/wp\/v2\/pages\/872\/revisions"}],"predecessor-version":[{"id":1034,"href":"https:\/\/www.corporacionfourglobal.com\/tienda\/wp-json\/wp\/v2\/pages\/872\/revisions\/1034"}],"wp:attachment":[{"href":"https:\/\/www.corporacionfourglobal.com\/tienda\/wp-json\/wp\/v2\/media?parent=872"}],"curies":[{"name":"wp","href":"https:\/\/api.w.org\/{rel}","templated":true}]}}