{"id":846,"date":"2023-04-28T21:44:21","date_gmt":"2023-04-28T21:44:21","guid":{"rendered":"https:\/\/www.corporacionfourglobal.com\/tienda\/?page_id=846"},"modified":"2025-03-26T00:40:39","modified_gmt":"2025-03-26T00:40:39","slug":"rafia-trenzada","status":"publish","type":"page","link":"https:\/\/www.corporacionfourglobal.com\/tienda\/rafia-trenzada\/","title":{"rendered":"RAFIA TRENZADA"},"content":{"rendered":"\n\n  <div class=\"banner has-hover\" id=\"banner-1646930422\">\n          <div class=\"banner-inner fill\">\n        <div class=\"banner-bg fill\" >\n            <img loading=\"lazy\" decoding=\"async\" width=\"1020\" height=\"390\" src=\"https:\/\/www.corporacionfourglobal.com\/tienda\/wp-content\/uploads\/2023\/04\/RAFIA.jpg\" class=\"bg attachment-large size-large\" alt=\"\" \/>                                    \n                    <\/div>\n\t\t\n        <div class=\"banner-layers container\">\n            <div class=\"fill banner-link\"><\/div>            \n\n   <div id=\"text-box-782072987\" class=\"text-box banner-layer x50 md-x50 lg-x50 y50 md-y50 lg-y50 res-text\">\n                                <div class=\"text-box-content text dark\">\n              \n              <div class=\"text-inner text-center\">\n                  \n\n\n              <\/div>\n           <\/div>\n                            \n<style>\n#text-box-782072987 {\n  width: 60%;\n}\n#text-box-782072987 .text-box-content {\n  font-size: 100%;\n}\n<\/style>\n    <\/div>\n \n\n        <\/div>\n      <\/div>\n\n            \n<style>\n#banner-1646930422 {\n  padding-top: 400px;\n}\n<\/style>\n  <\/div>\n\n\n<div class=\"row\"  id=\"row-2111430857\">\n\n\n\t<div id=\"col-517865895\" class=\"col small-12 large-12\"  >\n\t\t\t\t<div class=\"col-inner\"  >\n\t\t\t\n\t\t\t\n\n\t<div id=\"text-4036636525\" class=\"text\">\n\t\t\n\n<h2 align=\"center\"> RAFIA TRENZADA <\/h2>\n<p>Material sint\u00e9tico de Polipropileno,  ideal para empaque y embalaje, utilizado principalmente en amarre de cajas o paquetes evitando algun percance en su transportaci\u00f3n. <\/p>\n\t\t\n<style>\n#text-4036636525 {\n  text-align: center;\n}\n<\/style>\n\t<\/div>\n\t\n<div class=\"row\"  id=\"row-1396607424\">\n\n\n\t<div id=\"col-216459727\" class=\"col small-12 large-12\"  >\n\t\t\t\t<div class=\"col-inner\"  >\n\t\t\t\n\t\t\t\n\n\n\n<table width=\"100%\" border=\"0\" class=\"table-rwd\">\n  <tbody>\n\n<tr>\n\n <td><strong>DESCRIPCI\u00d3N<\/strong><\/td>\n      <td><strong>COLOR<\/strong><\/td>\n<td><strong>MEDIDA<\/strong><\/td>\n\n    <\/tr>\n    \t\t\t\n<tr>\n<td> MATERIAL SINT\u00c9TICO DE POLIPROPILENO<\/td>\n<td> BLANCO <\/td>\n<td> NO.2 <\/td>\t\n\n\n\t\n\t<\/tr>\n\n    \n  <\/tbody>\n<\/table>\n\n\n\t\t<\/div>\n\t\t\t\t\t<\/div>\n\n\t\n\n<\/div>\n<p data-pm-slice=\"1 1 &#091;&#093;\"><strong>RAFIA TRENZADA \u2013 RESISTENCIA Y VERSATILIDAD PARA TU EMBALAJE<\/strong><\/p>\n<h3>La Mejor Opci\u00f3n para Amarre y Protecci\u00f3n en Diferentes Aplicaciones<\/h3>\n<p>Ofrecemos <strong>rafia trenzada<\/strong> de alta calidad, ideal para el amarre seguro y eficiente de mercanc\u00edas en diversos sectores. Su composici\u00f3n flexible y resistente la convierte en una soluci\u00f3n vers\u00e1til para la industria log\u00edstica, agr\u00edcola y de la construcci\u00f3n.<\/p>\n<p data-pm-slice=\"1 1 &#091;&#093;\">\u2714 <strong>Alta Resistencia a la Tensi\u00f3n:<\/strong> Soporta cargas pesadas sin romperse.<br \/>\u2714 <strong>Flexibilidad y Adaptabilidad:<\/strong> Se ajusta a diferentes necesidades de embalaje y amarre.<br \/>\u2714 <strong>Material Ligero y Duradero:<\/strong> F\u00e1cil de manipular, sin comprometer su resistencia.<br \/>\u2714 <strong>Resistente a la Humedad y Agentes Externos:<\/strong> Ideal para uso en exteriores e interiores.<br \/>\u2714 <strong>Disponibilidad Inmediata:<\/strong> Stock permanente y entrega r\u00e1pida para mantener la eficiencia operativa.<\/p>\n<h2 data-pm-slice=\"1 3 &#091;&#093;\">Beneficios de Nuestra Rafia Trenzada<\/h2>\n<ul data-spread=\"false\">\n<li>\n<p><strong>Mayor Seguridad:<\/strong> Asegura la carga durante el almacenamiento y transporte.<\/p>\n<\/li>\n<li>\n<p><strong>Ahorro de Costos:<\/strong> Alternativa eficiente a otros materiales de amarre.<\/p>\n<\/li>\n<li>\n<p><strong>Versatilidad de Usos:<\/strong> Ideal para embalaje, agricultura, construcci\u00f3n y m\u00e1s.<\/p>\n<\/li>\n<li>\n<p><strong>Ecol\u00f3gica y Reciclable:<\/strong> Material reutilizable y respetuoso con el medio ambiente.<\/p>\n<\/li>\n<\/ul>\n<h2 data-pm-slice=\"1 1 &#091;&#093;\">Calidad y Confianza en Cada Aplicaci\u00f3n<\/h2>\n<p>Nuestra <strong>rafia trenzada<\/strong> cumple con los m\u00e1s altos est\u00e1ndares de calidad, ofreciendo una soluci\u00f3n confiable y resistente para el amarre y protecci\u00f3n de mercanc\u00edas. Obtienes un producto eficiente y seguro para m\u00faltiples aplicaciones.<\/p>\n<h3>\u00a1Refuerza y Protege con la Mejor Rafia Trenzada!<\/h3>\n<p>Optimiza la seguridad y resistencia de tus embalajes con nuestra <strong>rafia trenzada<\/strong> de alto rendimiento.<\/p>\n<p><strong>Cont\u00e1ctanos hoy mismo<\/strong> y recibe asesor\u00eda personalizada para encontrar la mejor opci\u00f3n para tu negocio.<\/p>\n\n\t\t<\/div>\n\t\t\t\t\t<\/div>\n\n\t\n\n<\/div>\n\n","protected":false},"excerpt":{"rendered":"","protected":false},"author":1,"featured_media":0,"parent":0,"menu_order":0,"comment_status":"closed","ping_status":"closed","template":"","meta":{"_joinchat":[],"footnotes":""},"class_list":["post-846","page","type-page","status-publish","hentry"],"yoast_head":"<!-- This site is optimized with the Yoast SEO Premium plugin v24.6 (Yoast SEO v27.1.1) - https:\/\/yoast.com\/product\/yoast-seo-premium-wordpress\/ -->\n<title>RAFIA TRENZADA - Corporaci&oacute;n Four Global<\/title>\n<meta name=\"robots\" content=\"index, follow, max-snippet:-1, max-image-preview:large, max-video-preview:-1\" \/>\n<link rel=\"canonical\" href=\"https:\/\/www.corporacionfourglobal.com\/tienda\/rafia-trenzada\/\" \/>\n<meta property=\"og:locale\" content=\"es_ES\" \/>\n<meta property=\"og:type\" content=\"article\" \/>\n<meta property=\"og:title\" content=\"RAFIA TRENZADA\" \/>\n<meta property=\"og:url\" content=\"https:\/\/www.corporacionfourglobal.com\/tienda\/rafia-trenzada\/\" \/>\n<meta property=\"og:site_name\" content=\"Corporaci&oacute;n Four Global\" \/>\n<meta property=\"article:publisher\" content=\"https:\/\/www.facebook.com\/people\/CorporaciC3B3n-Four-Global\/100075753681876\/\" \/>\n<meta property=\"article:modified_time\" content=\"2025-03-26T00:40:39+00:00\" \/>\n<meta name=\"twitter:card\" content=\"summary_large_image\" \/>\n<script type=\"application\/ld+json\" class=\"yoast-schema-graph\">{\"@context\":\"https:\/\/schema.org\",\"@graph\":[{\"@type\":\"WebPage\",\"@id\":\"https:\/\/www.corporacionfourglobal.com\/tienda\/rafia-trenzada\/\",\"url\":\"https:\/\/www.corporacionfourglobal.com\/tienda\/rafia-trenzada\/\",\"name\":\"RAFIA TRENZADA - Corporaci&oacute;n Four Global\",\"isPartOf\":{\"@id\":\"https:\/\/www.corporacionfourglobal.com\/tienda\/#website\"},\"datePublished\":\"2023-04-28T21:44:21+00:00\",\"dateModified\":\"2025-03-26T00:40:39+00:00\",\"breadcrumb\":{\"@id\":\"https:\/\/www.corporacionfourglobal.com\/tienda\/rafia-trenzada\/#breadcrumb\"},\"inLanguage\":\"es\",\"potentialAction\":[{\"@type\":\"ReadAction\",\"target\":[\"https:\/\/www.corporacionfourglobal.com\/tienda\/rafia-trenzada\/\"]}]},{\"@type\":\"BreadcrumbList\",\"@id\":\"https:\/\/www.corporacionfourglobal.com\/tienda\/rafia-trenzada\/#breadcrumb\",\"itemListElement\":[{\"@type\":\"ListItem\",\"position\":1,\"name\":\"Portada\",\"item\":\"https:\/\/www.corporacionfourglobal.com\/tienda\/\"},{\"@type\":\"ListItem\",\"position\":2,\"name\":\"RAFIA TRENZADA\"}]},{\"@type\":\"WebSite\",\"@id\":\"https:\/\/www.corporacionfourglobal.com\/tienda\/#website\",\"url\":\"https:\/\/www.corporacionfourglobal.com\/tienda\/\",\"name\":\"Corporaci\u00f3n Four Global\",\"description\":\"Veloces, Confiables y Eficientes\",\"publisher\":{\"@id\":\"https:\/\/www.corporacionfourglobal.com\/tienda\/#organization\"},\"potentialAction\":[{\"@type\":\"SearchAction\",\"target\":{\"@type\":\"EntryPoint\",\"urlTemplate\":\"https:\/\/www.corporacionfourglobal.com\/tienda\/?s={search_term_string}\"},\"query-input\":{\"@type\":\"PropertyValueSpecification\",\"valueRequired\":true,\"valueName\":\"search_term_string\"}}],\"inLanguage\":\"es\"},{\"@type\":\"Organization\",\"@id\":\"https:\/\/www.corporacionfourglobal.com\/tienda\/#organization\",\"name\":\"Corporaci\u00f3n Four Global\",\"url\":\"https:\/\/www.corporacionfourglobal.com\/tienda\/\",\"logo\":{\"@type\":\"ImageObject\",\"inLanguage\":\"es\",\"@id\":\"https:\/\/www.corporacionfourglobal.com\/tienda\/#\/schema\/logo\/image\/\",\"url\":\"https:\/\/www.corporacionfourglobal.com\/tienda\/wp-content\/uploads\/2021\/10\/logo-web-2.jpg\",\"contentUrl\":\"https:\/\/www.corporacionfourglobal.com\/tienda\/wp-content\/uploads\/2021\/10\/logo-web-2.jpg\",\"width\":500,\"height\":500,\"caption\":\"Corporaci\u00f3n Four Global\"},\"image\":{\"@id\":\"https:\/\/www.corporacionfourglobal.com\/tienda\/#\/schema\/logo\/image\/\"},\"sameAs\":[\"https:\/\/www.facebook.com\/people\/CorporaciC3B3n-Four-Global\/100075753681876\/\",\"https:\/\/www.instagram.com\/fourglobal2021\/\"]}]}<\/script>\n<!-- \/ Yoast SEO Premium plugin. -->","yoast_head_json":{"title":"RAFIA TRENZADA - Corporaci&oacute;n Four Global","robots":{"index":"index","follow":"follow","max-snippet":"max-snippet:-1","max-image-preview":"max-image-preview:large","max-video-preview":"max-video-preview:-1"},"canonical":"https:\/\/www.corporacionfourglobal.com\/tienda\/rafia-trenzada\/","og_locale":"es_ES","og_type":"article","og_title":"RAFIA TRENZADA","og_url":"https:\/\/www.corporacionfourglobal.com\/tienda\/rafia-trenzada\/","og_site_name":"Corporaci&oacute;n Four Global","article_publisher":"https:\/\/www.facebook.com\/people\/CorporaciC3B3n-Four-Global\/100075753681876\/","article_modified_time":"2025-03-26T00:40:39+00:00","twitter_card":"summary_large_image","schema":{"@context":"https:\/\/schema.org","@graph":[{"@type":"WebPage","@id":"https:\/\/www.corporacionfourglobal.com\/tienda\/rafia-trenzada\/","url":"https:\/\/www.corporacionfourglobal.com\/tienda\/rafia-trenzada\/","name":"RAFIA TRENZADA - Corporaci&oacute;n Four Global","isPartOf":{"@id":"https:\/\/www.corporacionfourglobal.com\/tienda\/#website"},"datePublished":"2023-04-28T21:44:21+00:00","dateModified":"2025-03-26T00:40:39+00:00","breadcrumb":{"@id":"https:\/\/www.corporacionfourglobal.com\/tienda\/rafia-trenzada\/#breadcrumb"},"inLanguage":"es","potentialAction":[{"@type":"ReadAction","target":["https:\/\/www.corporacionfourglobal.com\/tienda\/rafia-trenzada\/"]}]},{"@type":"BreadcrumbList","@id":"https:\/\/www.corporacionfourglobal.com\/tienda\/rafia-trenzada\/#breadcrumb","itemListElement":[{"@type":"ListItem","position":1,"name":"Portada","item":"https:\/\/www.corporacionfourglobal.com\/tienda\/"},{"@type":"ListItem","position":2,"name":"RAFIA TRENZADA"}]},{"@type":"WebSite","@id":"https:\/\/www.corporacionfourglobal.com\/tienda\/#website","url":"https:\/\/www.corporacionfourglobal.com\/tienda\/","name":"Corporaci\u00f3n Four Global","description":"Veloces, Confiables y Eficientes","publisher":{"@id":"https:\/\/www.corporacionfourglobal.com\/tienda\/#organization"},"potentialAction":[{"@type":"SearchAction","target":{"@type":"EntryPoint","urlTemplate":"https:\/\/www.corporacionfourglobal.com\/tienda\/?s={search_term_string}"},"query-input":{"@type":"PropertyValueSpecification","valueRequired":true,"valueName":"search_term_string"}}],"inLanguage":"es"},{"@type":"Organization","@id":"https:\/\/www.corporacionfourglobal.com\/tienda\/#organization","name":"Corporaci\u00f3n Four Global","url":"https:\/\/www.corporacionfourglobal.com\/tienda\/","logo":{"@type":"ImageObject","inLanguage":"es","@id":"https:\/\/www.corporacionfourglobal.com\/tienda\/#\/schema\/logo\/image\/","url":"https:\/\/www.corporacionfourglobal.com\/tienda\/wp-content\/uploads\/2021\/10\/logo-web-2.jpg","contentUrl":"https:\/\/www.corporacionfourglobal.com\/tienda\/wp-content\/uploads\/2021\/10\/logo-web-2.jpg","width":500,"height":500,"caption":"Corporaci\u00f3n Four Global"},"image":{"@id":"https:\/\/www.corporacionfourglobal.com\/tienda\/#\/schema\/logo\/image\/"},"sameAs":["https:\/\/www.facebook.com\/people\/CorporaciC3B3n-Four-Global\/100075753681876\/","https:\/\/www.instagram.com\/fourglobal2021\/"]}]}},"_links":{"self":[{"href":"https:\/\/www.corporacionfourglobal.com\/tienda\/wp-json\/wp\/v2\/pages\/846","targetHints":{"allow":["GET"]}}],"collection":[{"href":"https:\/\/www.corporacionfourglobal.com\/tienda\/wp-json\/wp\/v2\/pages"}],"about":[{"href":"https:\/\/www.corporacionfourglobal.com\/tienda\/wp-json\/wp\/v2\/types\/page"}],"author":[{"embeddable":true,"href":"https:\/\/www.corporacionfourglobal.com\/tienda\/wp-json\/wp\/v2\/users\/1"}],"replies":[{"embeddable":true,"href":"https:\/\/www.corporacionfourglobal.com\/tienda\/wp-json\/wp\/v2\/comments?post=846"}],"version-history":[{"count":1,"href":"https:\/\/www.corporacionfourglobal.com\/tienda\/wp-json\/wp\/v2\/pages\/846\/revisions"}],"predecessor-version":[{"id":1028,"href":"https:\/\/www.corporacionfourglobal.com\/tienda\/wp-json\/wp\/v2\/pages\/846\/revisions\/1028"}],"wp:attachment":[{"href":"https:\/\/www.corporacionfourglobal.com\/tienda\/wp-json\/wp\/v2\/media?parent=846"}],"curies":[{"name":"wp","href":"https:\/\/api.w.org\/{rel}","templated":true}]}}