{"id":817,"date":"2023-04-27T21:42:03","date_gmt":"2023-04-27T21:42:03","guid":{"rendered":"https:\/\/www.corporacionfourglobal.com\/tienda\/?page_id=817"},"modified":"2025-03-25T23:12:27","modified_gmt":"2025-03-25T23:12:27","slug":"carton-corrugado","status":"publish","type":"page","link":"https:\/\/www.corporacionfourglobal.com\/tienda\/carton-corrugado\/","title":{"rendered":"CARTON CORRUGADO"},"content":{"rendered":"\n\n  <div class=\"banner has-hover\" id=\"banner-1079232423\">\n          <div class=\"banner-inner fill\">\n        <div class=\"banner-bg fill\" >\n            <img loading=\"lazy\" decoding=\"async\" width=\"1020\" height=\"390\" src=\"https:\/\/www.corporacionfourglobal.com\/tienda\/wp-content\/uploads\/2023\/04\/carton-corrugado.jpg\" class=\"bg attachment-large size-large\" alt=\"\" \/>                                    \n                    <\/div>\n\t\t\n        <div class=\"banner-layers container\">\n            <div class=\"fill banner-link\"><\/div>            \n\n   <div id=\"text-box-12390120\" class=\"text-box banner-layer x50 md-x50 lg-x50 y50 md-y50 lg-y50 res-text\">\n                                <div class=\"text-box-content text dark\">\n              \n              <div class=\"text-inner text-center\">\n                  \n\n\n              <\/div>\n           <\/div>\n                            \n<style>\n#text-box-12390120 {\n  width: 60%;\n}\n#text-box-12390120 .text-box-content {\n  font-size: 100%;\n}\n<\/style>\n    <\/div>\n \n\n        <\/div>\n      <\/div>\n\n            \n<style>\n#banner-1079232423 {\n  padding-top: 400px;\n}\n<\/style>\n  <\/div>\n\n\n<div class=\"row\"  id=\"row-182414004\">\n\n\n\t<div id=\"col-694849219\" class=\"col small-12 large-12\"  >\n\t\t\t\t<div class=\"col-inner\"  >\n\t\t\t\n\t\t\t\n\n\t<div id=\"text-3677919366\" class=\"text\">\n\t\t\n\n<h2 align=\"center\"> CART\u00d3N CORRUGADO <\/h2>\n<p>En especifico el cart\u00f3n corrugado en rollo es la forma mas eficiente de empacar y proteger productos irregulares de diferentes dimensiones<\/p>\n\t\t\n<style>\n#text-3677919366 {\n  text-align: center;\n}\n<\/style>\n\t<\/div>\n\t\n<div class=\"row\"  id=\"row-509679483\">\n\n\n\t<div id=\"col-250360471\" class=\"col small-12 large-12\"  >\n\t\t\t\t<div class=\"col-inner\"  >\n\t\t\t\n\t\t\t\n\n\n\n<table width=\"100%\" border=\"0\" class=\"table-rwd\">\n  <tbody>\n\n<tr>\n\n <td><strong>DESCRIPCI\u00d3N<\/strong><\/td>\n      <td><strong>MEDIDA<\/strong><\/td>\n\n\n    <\/tr>\n    \t\t\t\n<tr>\n<td>MATERIAL FLEXIBLE, GRAN VARIEDAD DE MEDIDAS Y GRAMAJES<\/td>\n<td> 1 m<br>\n1.25 mts<br>\n1.57 mts<br>\n2 mts <br><\/td>\n\t\n\n\n\t\n\t<\/tr>\n\n    \n  <\/tbody>\n<\/table>\n\n<h3><strong>Cart\u00f3n Corrugado para Empaque: Resistencia y Sostenibilidad<\/strong><\/h3>\n<p>La Mejor Soluci\u00f3n en Embalaje con Cart\u00f3n Corrugado<\/p>\n<h5><strong>Protecci\u00f3n, Durabilidad y Eficiencia para tus Env\u00edos<\/strong><\/h5>\n<p>En Corporaci\u00f3n Four Global, ofrecemos cart\u00f3n corrugado de alta calidad para empaque, brindando soluciones de embalaje resistentes, ecol\u00f3gicas y personalizables. Nuestro cart\u00f3n es ideal para proteger productos durante su almacenamiento y transporte, garantizando seguridad y optimizaci\u00f3n en la log\u00edstica.<\/p>\n<h4 data-pm-slice=\"1 3 &#091;&#093;\"><strong>\u00bfPor qu\u00e9 elegir nuestro Cart\u00f3n Corrugado?<\/strong><\/h4>\n<ul data-spread=\"false\">\n<li>\n<p><strong>Alta resistencia y amortiguaci\u00f3n:<\/strong> Protege contra golpes y vibraciones.<\/p>\n<\/li>\n<li>\n<p><strong>Material 100% reciclable y biodegradable:<\/strong> Compromiso con el medio ambiente.<\/p>\n<\/li>\n<li>\n<p><strong>Dise\u00f1os personalizados:<\/strong> Adaptamos el empaque a tus necesidades.<\/p>\n<\/li>\n<li>\n<p><strong>Optimizaci\u00f3n de costos:<\/strong> Reducci\u00f3n de gastos en embalaje y log\u00edstica.<\/p>\n<\/li>\n<\/ul>\n<h4 data-pm-slice=\"1 1 &#091;&#093;\"><strong>Beneficios Clave de Nuestro Cart\u00f3n Corrugado<\/strong><\/h4>\n<p>\u2714 <strong>M\u00e1xima protecci\u00f3n:<\/strong> Evita da\u00f1os durante el almacenamiento y transporte. \u2714 <strong>Versatilidad:<\/strong> Ideal para m\u00faltiples industrias, desde e-commerce hasta manufactura.<\/p>\n<p>\u2714 <strong>Ligero y resistente:<\/strong> Facilita el manejo y reduce costos de env\u00edo.<\/p>\n<p>\u2714 <strong>Sostenible y reciclable:<\/strong> Contribuye a un mundo m\u00e1s ecol\u00f3gico.<\/p>\n<p>\u2714 <strong>Personalizable:<\/strong> Diferentes grosores, tama\u00f1os y acabados seg\u00fan tus necesidades.<\/p>\n<h4 data-pm-slice=\"1 1 &#091;&#093;\"><strong>Compromiso con la Calidad y la Sostenibilidad<\/strong><\/h4>\n<p>Nuestro cart\u00f3n corrugado cumple con los m\u00e1s altos est\u00e1ndares de calidad y sostenibilidad. Nos aseguramos de que cada soluci\u00f3n de embalaje maximice la protecci\u00f3n del producto mientras minimiza el impacto ambiental.<\/p>\n<h4 data-pm-slice=\"1 1 &#091;&#093;\"><strong>Optimiza tu Embalaje con Nuestro Cart\u00f3n Corrugado<\/strong><\/h4>\n<p>No dejes la seguridad de tus productos al azar. Cont\u00e1ctanos hoy mismo y encuentra la soluci\u00f3n de embalaje perfecta con nuestro cart\u00f3n corrugado.<\/p>\n\n\t\t<\/div>\n\t\t\t\t\t<\/div>\n\n\t\n\n<\/div>\n\n\t\t<\/div>\n\t\t\t\t\t<\/div>\n\n\t\n\n<\/div>\n\n","protected":false},"excerpt":{"rendered":"","protected":false},"author":1,"featured_media":0,"parent":0,"menu_order":0,"comment_status":"closed","ping_status":"closed","template":"","meta":{"_joinchat":[],"footnotes":""},"class_list":["post-817","page","type-page","status-publish","hentry"],"yoast_head":"<!-- This site is optimized with the Yoast SEO Premium plugin v24.6 (Yoast SEO v27.1.1) - https:\/\/yoast.com\/product\/yoast-seo-premium-wordpress\/ -->\n<title>CARTON CORRUGADO - Corporaci&oacute;n Four Global<\/title>\n<meta name=\"robots\" content=\"index, follow, max-snippet:-1, max-image-preview:large, max-video-preview:-1\" \/>\n<link rel=\"canonical\" href=\"https:\/\/www.corporacionfourglobal.com\/tienda\/carton-corrugado\/\" \/>\n<meta property=\"og:locale\" content=\"es_ES\" \/>\n<meta property=\"og:type\" content=\"article\" \/>\n<meta property=\"og:title\" content=\"CARTON CORRUGADO\" \/>\n<meta property=\"og:url\" content=\"https:\/\/www.corporacionfourglobal.com\/tienda\/carton-corrugado\/\" \/>\n<meta property=\"og:site_name\" content=\"Corporaci&oacute;n Four Global\" \/>\n<meta property=\"article:publisher\" content=\"https:\/\/www.facebook.com\/people\/CorporaciC3B3n-Four-Global\/100075753681876\/\" \/>\n<meta property=\"article:modified_time\" content=\"2025-03-25T23:12:27+00:00\" \/>\n<meta name=\"twitter:card\" content=\"summary_large_image\" \/>\n<script type=\"application\/ld+json\" class=\"yoast-schema-graph\">{\"@context\":\"https:\/\/schema.org\",\"@graph\":[{\"@type\":\"WebPage\",\"@id\":\"https:\/\/www.corporacionfourglobal.com\/tienda\/carton-corrugado\/\",\"url\":\"https:\/\/www.corporacionfourglobal.com\/tienda\/carton-corrugado\/\",\"name\":\"CARTON CORRUGADO - Corporaci&oacute;n Four Global\",\"isPartOf\":{\"@id\":\"https:\/\/www.corporacionfourglobal.com\/tienda\/#website\"},\"datePublished\":\"2023-04-27T21:42:03+00:00\",\"dateModified\":\"2025-03-25T23:12:27+00:00\",\"breadcrumb\":{\"@id\":\"https:\/\/www.corporacionfourglobal.com\/tienda\/carton-corrugado\/#breadcrumb\"},\"inLanguage\":\"es\",\"potentialAction\":[{\"@type\":\"ReadAction\",\"target\":[\"https:\/\/www.corporacionfourglobal.com\/tienda\/carton-corrugado\/\"]}]},{\"@type\":\"BreadcrumbList\",\"@id\":\"https:\/\/www.corporacionfourglobal.com\/tienda\/carton-corrugado\/#breadcrumb\",\"itemListElement\":[{\"@type\":\"ListItem\",\"position\":1,\"name\":\"Portada\",\"item\":\"https:\/\/www.corporacionfourglobal.com\/tienda\/\"},{\"@type\":\"ListItem\",\"position\":2,\"name\":\"CARTON CORRUGADO\"}]},{\"@type\":\"WebSite\",\"@id\":\"https:\/\/www.corporacionfourglobal.com\/tienda\/#website\",\"url\":\"https:\/\/www.corporacionfourglobal.com\/tienda\/\",\"name\":\"Corporaci\u00f3n Four Global\",\"description\":\"Veloces, Confiables y Eficientes\",\"publisher\":{\"@id\":\"https:\/\/www.corporacionfourglobal.com\/tienda\/#organization\"},\"potentialAction\":[{\"@type\":\"SearchAction\",\"target\":{\"@type\":\"EntryPoint\",\"urlTemplate\":\"https:\/\/www.corporacionfourglobal.com\/tienda\/?s={search_term_string}\"},\"query-input\":{\"@type\":\"PropertyValueSpecification\",\"valueRequired\":true,\"valueName\":\"search_term_string\"}}],\"inLanguage\":\"es\"},{\"@type\":\"Organization\",\"@id\":\"https:\/\/www.corporacionfourglobal.com\/tienda\/#organization\",\"name\":\"Corporaci\u00f3n Four Global\",\"url\":\"https:\/\/www.corporacionfourglobal.com\/tienda\/\",\"logo\":{\"@type\":\"ImageObject\",\"inLanguage\":\"es\",\"@id\":\"https:\/\/www.corporacionfourglobal.com\/tienda\/#\/schema\/logo\/image\/\",\"url\":\"https:\/\/www.corporacionfourglobal.com\/tienda\/wp-content\/uploads\/2021\/10\/logo-web-2.jpg\",\"contentUrl\":\"https:\/\/www.corporacionfourglobal.com\/tienda\/wp-content\/uploads\/2021\/10\/logo-web-2.jpg\",\"width\":500,\"height\":500,\"caption\":\"Corporaci\u00f3n Four Global\"},\"image\":{\"@id\":\"https:\/\/www.corporacionfourglobal.com\/tienda\/#\/schema\/logo\/image\/\"},\"sameAs\":[\"https:\/\/www.facebook.com\/people\/CorporaciC3B3n-Four-Global\/100075753681876\/\",\"https:\/\/www.instagram.com\/fourglobal2021\/\"]}]}<\/script>\n<!-- \/ Yoast SEO Premium plugin. -->","yoast_head_json":{"title":"CARTON CORRUGADO - Corporaci&oacute;n Four Global","robots":{"index":"index","follow":"follow","max-snippet":"max-snippet:-1","max-image-preview":"max-image-preview:large","max-video-preview":"max-video-preview:-1"},"canonical":"https:\/\/www.corporacionfourglobal.com\/tienda\/carton-corrugado\/","og_locale":"es_ES","og_type":"article","og_title":"CARTON CORRUGADO","og_url":"https:\/\/www.corporacionfourglobal.com\/tienda\/carton-corrugado\/","og_site_name":"Corporaci&oacute;n Four Global","article_publisher":"https:\/\/www.facebook.com\/people\/CorporaciC3B3n-Four-Global\/100075753681876\/","article_modified_time":"2025-03-25T23:12:27+00:00","twitter_card":"summary_large_image","schema":{"@context":"https:\/\/schema.org","@graph":[{"@type":"WebPage","@id":"https:\/\/www.corporacionfourglobal.com\/tienda\/carton-corrugado\/","url":"https:\/\/www.corporacionfourglobal.com\/tienda\/carton-corrugado\/","name":"CARTON CORRUGADO - Corporaci&oacute;n Four Global","isPartOf":{"@id":"https:\/\/www.corporacionfourglobal.com\/tienda\/#website"},"datePublished":"2023-04-27T21:42:03+00:00","dateModified":"2025-03-25T23:12:27+00:00","breadcrumb":{"@id":"https:\/\/www.corporacionfourglobal.com\/tienda\/carton-corrugado\/#breadcrumb"},"inLanguage":"es","potentialAction":[{"@type":"ReadAction","target":["https:\/\/www.corporacionfourglobal.com\/tienda\/carton-corrugado\/"]}]},{"@type":"BreadcrumbList","@id":"https:\/\/www.corporacionfourglobal.com\/tienda\/carton-corrugado\/#breadcrumb","itemListElement":[{"@type":"ListItem","position":1,"name":"Portada","item":"https:\/\/www.corporacionfourglobal.com\/tienda\/"},{"@type":"ListItem","position":2,"name":"CARTON CORRUGADO"}]},{"@type":"WebSite","@id":"https:\/\/www.corporacionfourglobal.com\/tienda\/#website","url":"https:\/\/www.corporacionfourglobal.com\/tienda\/","name":"Corporaci\u00f3n Four Global","description":"Veloces, Confiables y Eficientes","publisher":{"@id":"https:\/\/www.corporacionfourglobal.com\/tienda\/#organization"},"potentialAction":[{"@type":"SearchAction","target":{"@type":"EntryPoint","urlTemplate":"https:\/\/www.corporacionfourglobal.com\/tienda\/?s={search_term_string}"},"query-input":{"@type":"PropertyValueSpecification","valueRequired":true,"valueName":"search_term_string"}}],"inLanguage":"es"},{"@type":"Organization","@id":"https:\/\/www.corporacionfourglobal.com\/tienda\/#organization","name":"Corporaci\u00f3n Four Global","url":"https:\/\/www.corporacionfourglobal.com\/tienda\/","logo":{"@type":"ImageObject","inLanguage":"es","@id":"https:\/\/www.corporacionfourglobal.com\/tienda\/#\/schema\/logo\/image\/","url":"https:\/\/www.corporacionfourglobal.com\/tienda\/wp-content\/uploads\/2021\/10\/logo-web-2.jpg","contentUrl":"https:\/\/www.corporacionfourglobal.com\/tienda\/wp-content\/uploads\/2021\/10\/logo-web-2.jpg","width":500,"height":500,"caption":"Corporaci\u00f3n Four Global"},"image":{"@id":"https:\/\/www.corporacionfourglobal.com\/tienda\/#\/schema\/logo\/image\/"},"sameAs":["https:\/\/www.facebook.com\/people\/CorporaciC3B3n-Four-Global\/100075753681876\/","https:\/\/www.instagram.com\/fourglobal2021\/"]}]}},"_links":{"self":[{"href":"https:\/\/www.corporacionfourglobal.com\/tienda\/wp-json\/wp\/v2\/pages\/817","targetHints":{"allow":["GET"]}}],"collection":[{"href":"https:\/\/www.corporacionfourglobal.com\/tienda\/wp-json\/wp\/v2\/pages"}],"about":[{"href":"https:\/\/www.corporacionfourglobal.com\/tienda\/wp-json\/wp\/v2\/types\/page"}],"author":[{"embeddable":true,"href":"https:\/\/www.corporacionfourglobal.com\/tienda\/wp-json\/wp\/v2\/users\/1"}],"replies":[{"embeddable":true,"href":"https:\/\/www.corporacionfourglobal.com\/tienda\/wp-json\/wp\/v2\/comments?post=817"}],"version-history":[{"count":2,"href":"https:\/\/www.corporacionfourglobal.com\/tienda\/wp-json\/wp\/v2\/pages\/817\/revisions"}],"predecessor-version":[{"id":1000,"href":"https:\/\/www.corporacionfourglobal.com\/tienda\/wp-json\/wp\/v2\/pages\/817\/revisions\/1000"}],"wp:attachment":[{"href":"https:\/\/www.corporacionfourglobal.com\/tienda\/wp-json\/wp\/v2\/media?parent=817"}],"curies":[{"name":"wp","href":"https:\/\/api.w.org\/{rel}","templated":true}]}}