{"id":763,"date":"2023-04-27T18:43:31","date_gmt":"2023-04-27T18:43:31","guid":{"rendered":"https:\/\/www.corporacionfourglobal.com\/tienda\/?page_id=763"},"modified":"2025-03-25T23:32:19","modified_gmt":"2025-03-25T23:32:19","slug":"cinta-adhesiva-parler-tricolor","status":"publish","type":"page","link":"https:\/\/www.corporacionfourglobal.com\/tienda\/cinta-adhesiva-parler-tricolor\/","title":{"rendered":"CINTA ADHESIVA PARLER TRICOLOR"},"content":{"rendered":"\n\n  <div class=\"banner has-hover\" id=\"banner-663436377\">\n          <div class=\"banner-inner fill\">\n        <div class=\"banner-bg fill\" >\n            <img loading=\"lazy\" decoding=\"async\" width=\"1020\" height=\"390\" src=\"https:\/\/www.corporacionfourglobal.com\/tienda\/wp-content\/uploads\/2023\/04\/cinta-parler-color.jpg\" class=\"bg attachment-large size-large\" alt=\"\" \/>                                    \n                    <\/div>\n\t\t\n        <div class=\"banner-layers container\">\n            <div class=\"fill banner-link\"><\/div>            \n\n   <div id=\"text-box-773336152\" class=\"text-box banner-layer x50 md-x50 lg-x50 y50 md-y50 lg-y50 res-text\">\n                                <div class=\"text-box-content text dark\">\n              \n              <div class=\"text-inner text-center\">\n                  \n\n\n              <\/div>\n           <\/div>\n                            \n<style>\n#text-box-773336152 {\n  width: 60%;\n}\n#text-box-773336152 .text-box-content {\n  font-size: 100%;\n}\n@media (min-width:550px) {\n  #text-box-773336152 {\n    width: 60%;\n  }\n}\n<\/style>\n    <\/div>\n \n\n        <\/div>\n      <\/div>\n\n            \n<style>\n#banner-663436377 {\n  padding-top: 400px;\n}\n<\/style>\n  <\/div>\n\n\n<div class=\"row\"  id=\"row-181809219\">\n\n\n\t<div id=\"col-24499386\" class=\"col small-12 large-12\"  >\n\t\t\t\t<div class=\"col-inner\"  >\n\t\t\t\n\t\t\t\n\n\t<div id=\"text-4122587013\" class=\"text\">\n\t\t\n\n<h2>CINTA DE EMPAQUE<\/h2>\n\t\t\n<style>\n#text-4122587013 {\n  text-align: center;\n}\n<\/style>\n\t<\/div>\n\t\n\t<div id=\"text-2119683081\" class=\"text\">\n\t\t\n\n<p>La cinta de embalaje adhesiva es un consumible muy utilizado en la industria del embalaje consistente en una tira alargada recogida en forma de rollo con adhesivo incorporado que se utiliza para unir, cerrar o flejar determinados productos (cajas, palets, cables el\u00e9ctricos\u2026).<\/p>\n\t\t\n<style>\n#text-2119683081 {\n  text-align: center;\n}\n<\/style>\n\t<\/div>\n\t\n\n\t\t<\/div>\n\t\t\t\t\t<\/div>\n\n\t\n\n\t<div id=\"col-2037595191\" class=\"col small-12 large-12\"  >\n\t\t\t\t<div class=\"col-inner\"  >\n\t\t\t\n\t\t\t\n\n<div class=\"row\"  id=\"row-1430819018\">\n\n\n\t<div id=\"col-341002086\" class=\"col small-12 large-12\"  >\n\t\t\t\t<div class=\"col-inner text-center\"  >\n\t\t\t\n\t<div class=\"is-border\"\n\t\tstyle=\"border-width:0px 0px 0px 0px;\">\n\t<\/div>\n\t\t\t\n\n\n\n<table width=\"100%\" border=\"0\" class=\"table-rwd\">\n  <tbody>\n<h5 align=\"left\"> CINTA ADHESIVA PARLER TRICOLOR<\/h5>\n<tr>\n      \n<td><strong>CATEGORIA<\/strong><\/td>\n<td><strong>SUBCATEGORIA<\/strong><\/td>\n<td><strong>MARCA<\/strong><\/td>\n\n <td><strong>DESCRIPCI\u00d3N<\/strong><\/td>\n      <td><strong>MEDIDA<\/strong><\/td>\n<td><strong>COLOR<\/strong><\/td>\n    <\/tr>\n    <tr>\t\t\t\n\n\t\n<td>\tCINTA ADHESIVA\t<\/td>\n<td>\tACRILICAS\t<\/td>\n<td>\tPARLER TRICOLOR\t<\/td>\n\n<td><strong>CINTA PARA EMPAQUE:<\/strong> USO COMERCIAL<br> <br><br>\n\n<strong>CARACTER\u00cdSTICAS<\/strong><br>\nNUESTRA CINTA ADHESIVA MARCA PARLER ES EXCELENTE PARA CERRADO DE CAJA, EMPAQUE Y EMBALAJE, PARA PL\u00c1STICOS Y VIDRIO.\n  <\/td>\n\t\n<td>\t\n48mm x 150m\n<\/td>\n<td>NARANJA \/ NEGRO \/ AZUL \/ ROJO \nVERDE \/ AMARILLO \/ BLANCO <\/td>\t<\/tr>\n\n    \n  <\/tbody>\n<\/table>\n\n<h4 style=\"text-align: left;\" data-pm-slice=\"1 1 &#091;&#093;\"><strong>Cinta Tricolor para Empaque: Seguridad, Organizaci\u00f3n y Distinci\u00f3n en Cada Env\u00edo<\/strong><\/h4>\n<h5 style=\"text-align: left;\">Dale un Toque Profesional y Seguro a Tus Env\u00edo<strong>s<\/strong><\/h5>\n<h4 style=\"text-align: left;\"><strong>Alta Resistencia, M\u00e1xima Adherencia y Diferenciaci\u00f3n Visual<\/strong><\/h4>\n<p style=\"text-align: left;\">Ofrecemos <strong>Cinta Tricolor para Empaque<\/strong>, una soluci\u00f3n ideal para identificar paquetes, reforzar la seguridad y mejorar la organizaci\u00f3n en log\u00edstica y transporte. Con su dise\u00f1o de tres colores llamativos, facilita la categorizaci\u00f3n y el reconocimiento inmediato de tus env\u00edos.<\/p>\n<div style=\"text-align: left;\"><hr \/><\/div>\n<h3 style=\"text-align: left;\"><strong>\u00bfPor qu\u00e9 elegir nuestra Cinta Tricolor para Empaque?\u00a0<\/strong><\/h3>\n<ul style=\"text-align: left;\" data-spread=\"false\">\n<li>\n<p><strong>Dise\u00f1o tricolor distintivo:<\/strong> Permite una r\u00e1pida identificaci\u00f3n y segmentaci\u00f3n de env\u00edos.<\/p>\n<\/li>\n<li>\n<p><strong>M\u00e1xima adherencia:<\/strong> Se fija con firmeza en cart\u00f3n, pl\u00e1stico y otras superficies.<\/p>\n<\/li>\n<li>\n<p><strong>Material ultra resistente:<\/strong> Soporta humedad, manipulaci\u00f3n intensa y variaciones de temperatura.<\/p>\n<\/li>\n<li>\n<p><strong>F\u00e1cil aplicaci\u00f3n:<\/strong> Compatible con dispensadores para agilizar el embalaje.<\/p>\n<\/li>\n<li>\n<p><strong>Versatilidad de uso:<\/strong> Perfecta para log\u00edstica, almacenes, mudanzas e industrias.<\/p>\n<\/li>\n<\/ul>\n<div style=\"text-align: left;\"><hr \/><\/div>\n<h3 style=\"text-align: left;\"><strong>Beneficios Clave de Nuestra Cinta Tricolor para Empaque<\/strong><\/h3>\n<p style=\"text-align: left;\">\u2714 <strong>Diferenciaci\u00f3n visual:<\/strong> Facilita la organizaci\u00f3n y clasificaci\u00f3n de mercanc\u00edas. \u2714 <strong>Sellado seguro:<\/strong> Protege contra aperturas accidentales y refuerza el embalaje. \u2714 <strong>Alta resistencia:<\/strong> Mantiene su adhesi\u00f3n y colores en condiciones exigentes. \u2714 <strong>Optimizaci\u00f3n log\u00edstica:<\/strong> Acelera los procesos de identificaci\u00f3n en almacenes y transporte. \u2714 <strong>Mayor profesionalismo:<\/strong> Brinda una imagen de calidad y seguridad a tus env\u00edos.<\/p>\n<div style=\"text-align: left;\"><hr \/><\/div>\n<h3 style=\"text-align: left;\"><strong>Calidad y Distinci\u00f3n para un Empaque Confiable<\/strong><\/h3>\n<p style=\"text-align: left;\">Nuestra <strong>Cinta Tricolor para Empaque<\/strong> es la mejor opci\u00f3n para negocios que buscan mejorar su eficiencia y reforzar la seguridad en el embalaje. Su dise\u00f1o innovador garantiza un manejo m\u00e1s eficiente y profesional de los paquetes.<\/p>\n<div style=\"text-align: left;\"><hr \/><\/div>\n<h3 style=\"text-align: left;\"><strong>Optimiza Tu Empaque con Nuestra Cinta Tricolor<\/strong><\/h3>\n<p style=\"text-align: left;\">Elige la <strong>Cinta Tricolor para Empaque<\/strong> y mejora la seguridad y organizaci\u00f3n de tus env\u00edos. \u00a1Cont\u00e1ctanos hoy mismo!<\/p>\n\n\t\t<\/div>\n\t\t\t\t\n<style>\n#col-341002086 > .col-inner {\n  max-width: 1100px;\n}\n<\/style>\n\t<\/div>\n\n\t\n\n<\/div>\n\n\t\t<\/div>\n\t\t\t\t\t<\/div>\n\n\t\n\n<\/div>\n\n","protected":false},"excerpt":{"rendered":"","protected":false},"author":1,"featured_media":0,"parent":0,"menu_order":0,"comment_status":"closed","ping_status":"closed","template":"","meta":{"_joinchat":[],"footnotes":""},"class_list":["post-763","page","type-page","status-publish","hentry"],"yoast_head":"<!-- This site is optimized with the Yoast SEO Premium plugin v24.6 (Yoast SEO v27.1.1) - https:\/\/yoast.com\/product\/yoast-seo-premium-wordpress\/ -->\n<title>CINTA ADHESIVA PARLER TRICOLOR - Corporaci&oacute;n Four Global<\/title>\n<meta name=\"robots\" content=\"index, follow, max-snippet:-1, max-image-preview:large, max-video-preview:-1\" \/>\n<link rel=\"canonical\" href=\"https:\/\/www.corporacionfourglobal.com\/tienda\/cinta-adhesiva-parler-tricolor\/\" \/>\n<meta property=\"og:locale\" content=\"es_ES\" \/>\n<meta property=\"og:type\" content=\"article\" \/>\n<meta property=\"og:title\" content=\"CINTA ADHESIVA PARLER TRICOLOR\" \/>\n<meta property=\"og:url\" content=\"https:\/\/www.corporacionfourglobal.com\/tienda\/cinta-adhesiva-parler-tricolor\/\" \/>\n<meta property=\"og:site_name\" content=\"Corporaci&oacute;n Four Global\" \/>\n<meta property=\"article:publisher\" content=\"https:\/\/www.facebook.com\/people\/CorporaciC3B3n-Four-Global\/100075753681876\/\" \/>\n<meta property=\"article:modified_time\" content=\"2025-03-25T23:32:19+00:00\" \/>\n<meta name=\"twitter:card\" content=\"summary_large_image\" \/>\n<meta name=\"twitter:label1\" content=\"Tiempo de lectura\" \/>\n\t<meta name=\"twitter:data1\" content=\"1 minuto\" \/>\n<script type=\"application\/ld+json\" class=\"yoast-schema-graph\">{\"@context\":\"https:\/\/schema.org\",\"@graph\":[{\"@type\":\"WebPage\",\"@id\":\"https:\/\/www.corporacionfourglobal.com\/tienda\/cinta-adhesiva-parler-tricolor\/\",\"url\":\"https:\/\/www.corporacionfourglobal.com\/tienda\/cinta-adhesiva-parler-tricolor\/\",\"name\":\"CINTA ADHESIVA PARLER TRICOLOR - Corporaci&oacute;n Four Global\",\"isPartOf\":{\"@id\":\"https:\/\/www.corporacionfourglobal.com\/tienda\/#website\"},\"datePublished\":\"2023-04-27T18:43:31+00:00\",\"dateModified\":\"2025-03-25T23:32:19+00:00\",\"breadcrumb\":{\"@id\":\"https:\/\/www.corporacionfourglobal.com\/tienda\/cinta-adhesiva-parler-tricolor\/#breadcrumb\"},\"inLanguage\":\"es\",\"potentialAction\":[{\"@type\":\"ReadAction\",\"target\":[\"https:\/\/www.corporacionfourglobal.com\/tienda\/cinta-adhesiva-parler-tricolor\/\"]}]},{\"@type\":\"BreadcrumbList\",\"@id\":\"https:\/\/www.corporacionfourglobal.com\/tienda\/cinta-adhesiva-parler-tricolor\/#breadcrumb\",\"itemListElement\":[{\"@type\":\"ListItem\",\"position\":1,\"name\":\"Portada\",\"item\":\"https:\/\/www.corporacionfourglobal.com\/tienda\/\"},{\"@type\":\"ListItem\",\"position\":2,\"name\":\"CINTA ADHESIVA PARLER TRICOLOR\"}]},{\"@type\":\"WebSite\",\"@id\":\"https:\/\/www.corporacionfourglobal.com\/tienda\/#website\",\"url\":\"https:\/\/www.corporacionfourglobal.com\/tienda\/\",\"name\":\"Corporaci\u00f3n Four Global\",\"description\":\"Veloces, Confiables y Eficientes\",\"publisher\":{\"@id\":\"https:\/\/www.corporacionfourglobal.com\/tienda\/#organization\"},\"potentialAction\":[{\"@type\":\"SearchAction\",\"target\":{\"@type\":\"EntryPoint\",\"urlTemplate\":\"https:\/\/www.corporacionfourglobal.com\/tienda\/?s={search_term_string}\"},\"query-input\":{\"@type\":\"PropertyValueSpecification\",\"valueRequired\":true,\"valueName\":\"search_term_string\"}}],\"inLanguage\":\"es\"},{\"@type\":\"Organization\",\"@id\":\"https:\/\/www.corporacionfourglobal.com\/tienda\/#organization\",\"name\":\"Corporaci\u00f3n Four Global\",\"url\":\"https:\/\/www.corporacionfourglobal.com\/tienda\/\",\"logo\":{\"@type\":\"ImageObject\",\"inLanguage\":\"es\",\"@id\":\"https:\/\/www.corporacionfourglobal.com\/tienda\/#\/schema\/logo\/image\/\",\"url\":\"https:\/\/www.corporacionfourglobal.com\/tienda\/wp-content\/uploads\/2021\/10\/logo-web-2.jpg\",\"contentUrl\":\"https:\/\/www.corporacionfourglobal.com\/tienda\/wp-content\/uploads\/2021\/10\/logo-web-2.jpg\",\"width\":500,\"height\":500,\"caption\":\"Corporaci\u00f3n Four Global\"},\"image\":{\"@id\":\"https:\/\/www.corporacionfourglobal.com\/tienda\/#\/schema\/logo\/image\/\"},\"sameAs\":[\"https:\/\/www.facebook.com\/people\/CorporaciC3B3n-Four-Global\/100075753681876\/\",\"https:\/\/www.instagram.com\/fourglobal2021\/\"]}]}<\/script>\n<!-- \/ Yoast SEO Premium plugin. -->","yoast_head_json":{"title":"CINTA ADHESIVA PARLER TRICOLOR - Corporaci&oacute;n Four Global","robots":{"index":"index","follow":"follow","max-snippet":"max-snippet:-1","max-image-preview":"max-image-preview:large","max-video-preview":"max-video-preview:-1"},"canonical":"https:\/\/www.corporacionfourglobal.com\/tienda\/cinta-adhesiva-parler-tricolor\/","og_locale":"es_ES","og_type":"article","og_title":"CINTA ADHESIVA PARLER TRICOLOR","og_url":"https:\/\/www.corporacionfourglobal.com\/tienda\/cinta-adhesiva-parler-tricolor\/","og_site_name":"Corporaci&oacute;n Four Global","article_publisher":"https:\/\/www.facebook.com\/people\/CorporaciC3B3n-Four-Global\/100075753681876\/","article_modified_time":"2025-03-25T23:32:19+00:00","twitter_card":"summary_large_image","twitter_misc":{"Tiempo de lectura":"1 minuto"},"schema":{"@context":"https:\/\/schema.org","@graph":[{"@type":"WebPage","@id":"https:\/\/www.corporacionfourglobal.com\/tienda\/cinta-adhesiva-parler-tricolor\/","url":"https:\/\/www.corporacionfourglobal.com\/tienda\/cinta-adhesiva-parler-tricolor\/","name":"CINTA ADHESIVA PARLER TRICOLOR - Corporaci&oacute;n Four Global","isPartOf":{"@id":"https:\/\/www.corporacionfourglobal.com\/tienda\/#website"},"datePublished":"2023-04-27T18:43:31+00:00","dateModified":"2025-03-25T23:32:19+00:00","breadcrumb":{"@id":"https:\/\/www.corporacionfourglobal.com\/tienda\/cinta-adhesiva-parler-tricolor\/#breadcrumb"},"inLanguage":"es","potentialAction":[{"@type":"ReadAction","target":["https:\/\/www.corporacionfourglobal.com\/tienda\/cinta-adhesiva-parler-tricolor\/"]}]},{"@type":"BreadcrumbList","@id":"https:\/\/www.corporacionfourglobal.com\/tienda\/cinta-adhesiva-parler-tricolor\/#breadcrumb","itemListElement":[{"@type":"ListItem","position":1,"name":"Portada","item":"https:\/\/www.corporacionfourglobal.com\/tienda\/"},{"@type":"ListItem","position":2,"name":"CINTA ADHESIVA PARLER TRICOLOR"}]},{"@type":"WebSite","@id":"https:\/\/www.corporacionfourglobal.com\/tienda\/#website","url":"https:\/\/www.corporacionfourglobal.com\/tienda\/","name":"Corporaci\u00f3n Four Global","description":"Veloces, Confiables y Eficientes","publisher":{"@id":"https:\/\/www.corporacionfourglobal.com\/tienda\/#organization"},"potentialAction":[{"@type":"SearchAction","target":{"@type":"EntryPoint","urlTemplate":"https:\/\/www.corporacionfourglobal.com\/tienda\/?s={search_term_string}"},"query-input":{"@type":"PropertyValueSpecification","valueRequired":true,"valueName":"search_term_string"}}],"inLanguage":"es"},{"@type":"Organization","@id":"https:\/\/www.corporacionfourglobal.com\/tienda\/#organization","name":"Corporaci\u00f3n Four Global","url":"https:\/\/www.corporacionfourglobal.com\/tienda\/","logo":{"@type":"ImageObject","inLanguage":"es","@id":"https:\/\/www.corporacionfourglobal.com\/tienda\/#\/schema\/logo\/image\/","url":"https:\/\/www.corporacionfourglobal.com\/tienda\/wp-content\/uploads\/2021\/10\/logo-web-2.jpg","contentUrl":"https:\/\/www.corporacionfourglobal.com\/tienda\/wp-content\/uploads\/2021\/10\/logo-web-2.jpg","width":500,"height":500,"caption":"Corporaci\u00f3n Four Global"},"image":{"@id":"https:\/\/www.corporacionfourglobal.com\/tienda\/#\/schema\/logo\/image\/"},"sameAs":["https:\/\/www.facebook.com\/people\/CorporaciC3B3n-Four-Global\/100075753681876\/","https:\/\/www.instagram.com\/fourglobal2021\/"]}]}},"_links":{"self":[{"href":"https:\/\/www.corporacionfourglobal.com\/tienda\/wp-json\/wp\/v2\/pages\/763","targetHints":{"allow":["GET"]}}],"collection":[{"href":"https:\/\/www.corporacionfourglobal.com\/tienda\/wp-json\/wp\/v2\/pages"}],"about":[{"href":"https:\/\/www.corporacionfourglobal.com\/tienda\/wp-json\/wp\/v2\/types\/page"}],"author":[{"embeddable":true,"href":"https:\/\/www.corporacionfourglobal.com\/tienda\/wp-json\/wp\/v2\/users\/1"}],"replies":[{"embeddable":true,"href":"https:\/\/www.corporacionfourglobal.com\/tienda\/wp-json\/wp\/v2\/comments?post=763"}],"version-history":[{"count":2,"href":"https:\/\/www.corporacionfourglobal.com\/tienda\/wp-json\/wp\/v2\/pages\/763\/revisions"}],"predecessor-version":[{"id":1010,"href":"https:\/\/www.corporacionfourglobal.com\/tienda\/wp-json\/wp\/v2\/pages\/763\/revisions\/1010"}],"wp:attachment":[{"href":"https:\/\/www.corporacionfourglobal.com\/tienda\/wp-json\/wp\/v2\/media?parent=763"}],"curies":[{"name":"wp","href":"https:\/\/api.w.org\/{rel}","templated":true}]}}