{"id":701,"date":"2023-04-26T21:10:53","date_gmt":"2023-04-26T21:10:53","guid":{"rendered":"https:\/\/www.corporacionfourglobal.com\/tienda\/?page_id=701"},"modified":"2025-03-26T00:53:54","modified_gmt":"2025-03-26T00:53:54","slug":"biofill","status":"publish","type":"page","link":"https:\/\/www.corporacionfourglobal.com\/tienda\/biofill\/","title":{"rendered":"BIOFILL"},"content":{"rendered":"\n\n  <div class=\"banner has-hover\" id=\"banner-1968504596\">\n          <div class=\"banner-inner fill\">\n        <div class=\"banner-bg fill\" >\n            <img loading=\"lazy\" decoding=\"async\" width=\"1020\" height=\"390\" src=\"https:\/\/www.corporacionfourglobal.com\/tienda\/wp-content\/uploads\/2023\/04\/BIOFILL-2.jpg\" class=\"bg attachment-large size-large\" alt=\"\" \/>                                    \n                    <\/div>\n\t\t\n        <div class=\"banner-layers container\">\n            <div class=\"fill banner-link\"><\/div>            \n\n   <div id=\"text-box-1959432183\" class=\"text-box banner-layer x50 md-x50 lg-x50 y50 md-y50 lg-y50 res-text\">\n                                <div class=\"text-box-content text dark\">\n              \n              <div class=\"text-inner text-center\">\n                  \n\n\n              <\/div>\n           <\/div>\n                            \n<style>\n#text-box-1959432183 {\n  width: 60%;\n}\n#text-box-1959432183 .text-box-content {\n  font-size: 100%;\n}\n<\/style>\n    <\/div>\n \n\n        <\/div>\n      <\/div>\n\n            \n<style>\n#banner-1968504596 {\n  padding-top: 400px;\n}\n<\/style>\n  <\/div>\n\n\n<div class=\"row\"  id=\"row-941973708\">\n\n\n\t<div id=\"col-1452112632\" class=\"col small-12 large-12\"  >\n\t\t\t\t<div class=\"col-inner\"  >\n\t\t\t\n\t\t\t\n\n\t<div id=\"text-521157144\" class=\"text\">\n\t\t\n\n<h2 align=\"center\"> BIOFILL <\/h2>\n<p>Material a base de almid\u00f3n, biodegradable en agua o en cualquier composta.<\/p>\n\t\t\n<style>\n#text-521157144 {\n  text-align: center;\n}\n<\/style>\n\t<\/div>\n\t\n<div class=\"row\"  id=\"row-1490134948\">\n\n\n\t<div id=\"col-427994885\" class=\"col small-12 large-12\"  >\n\t\t\t\t<div class=\"col-inner\"  >\n\t\t\t\n\t\t\t\n\n\n\n<table width=\"100%\" border=\"0\" class=\"table-rwd\">\n  <tbody>\n\n<tr>\n\n <td><strong>DESCRIPCI\u00d3N<\/strong><\/td>\n      <td><strong>MEDIDA<\/strong><\/td>\n<td><strong>PESO<\/strong><\/td>\n\n    <\/tr>\n    \t\t\t\n<tr>\n<td> Material de empaque 100% Biodegradable, a base de Almid\u00f3n, sirve como  material para composta, producto no toxico.<\/td>\n<td> 14\u2032 C\u00fabicos <\/td>\n<td> 3.5 \/ 2.8 <\/td>\t\n\n\n\t\n\t<\/tr>\n\n    \n  <\/tbody>\n<\/table>\n\n\n\t\t<\/div>\n\t\t\t\t\t<\/div>\n\n\t\n\n<\/div>\n<h1 class=\"\" data-start=\"87\" data-end=\"156\"><strong data-start=\"89\" data-end=\"156\">BIOFILL: Innovaci\u00f3n en Relleno Amortiguador para Empaque Seguro<\/strong><\/h1>\n<h4 data-start=\"158\" data-end=\"245\"><strong data-start=\"162\" data-end=\"245\">La Soluci\u00f3n Ecol\u00f3gica y Eficiente para el Relleno y Protecci\u00f3n de tus Productos<\/strong><\/h4>\n<h4 class=\"\" data-start=\"247\" data-end=\"336\"><strong data-start=\"252\" data-end=\"336\">Empaque Inteligente con BIOFILL: Alta Protecci\u00f3n y Respeto por el Medio Ambiente<\/strong><\/h4>\n<p class=\"\" data-start=\"338\" data-end=\"741\">Ofrecemos <strong data-start=\"379\" data-end=\"390\">BIOFILL<\/strong>, un relleno amortiguador ecol\u00f3gico de alta calidad dise\u00f1ado para proporcionar una protecci\u00f3n excepcional durante el transporte y almacenamiento de tus productos. BIOFILL es una alternativa sostenible a los materiales de empaque tradicionales, ideal para aquellos que buscan reducir su huella ambiental sin comprometer la seguridad de sus mercanc\u00edas.<\/p>\n<p class=\"\" data-start=\"743\" data-end=\"924\">Nuestro <strong data-start=\"751\" data-end=\"762\">BIOFILL<\/strong> es perfecto para asegurar que tus productos lleguen intactos a su destino, protegi\u00e9ndolos de golpes, vibraciones y da\u00f1os mientras minimizas el impacto ambiental.<\/p>\n<hr class=\"\" data-start=\"926\" data-end=\"929\" \/>\n<h3 class=\"\" data-start=\"931\" data-end=\"996\"><strong data-start=\"935\" data-end=\"996\">\u00bfPor qu\u00e9 elegir BIOFILL?\u00a0<\/strong><\/h3>\n<ul data-start=\"998\" data-end=\"1819\">\n<li class=\"\" data-start=\"998\" data-end=\"1178\">\n<p class=\"\" data-start=\"1000\" data-end=\"1178\"><strong data-start=\"1000\" data-end=\"1027\">Ecol\u00f3gico y sostenible:<\/strong> BIOFILL est\u00e1 fabricado con materiales reciclables y biodegradables, contribuyendo a la reducci\u00f3n de desechos pl\u00e1sticos y fomentando la sostenibilidad.<\/p>\n<\/li>\n<li class=\"\" data-start=\"1179\" data-end=\"1341\">\n<p class=\"\" data-start=\"1181\" data-end=\"1341\"><strong data-start=\"1181\" data-end=\"1205\">Protecci\u00f3n superior:<\/strong> Ofrece una excelente absorci\u00f3n de impactos, manteniendo tus productos seguros y bien protegidos durante el transporte y almacenamiento.<\/p>\n<\/li>\n<li class=\"\" data-start=\"1342\" data-end=\"1475\">\n<p class=\"\" data-start=\"1344\" data-end=\"1475\"><strong data-start=\"1344\" data-end=\"1368\">Versatilidad de uso:<\/strong> Ideal para una variedad de aplicaciones de empaque, desde productos fr\u00e1giles hasta art\u00edculos m\u00e1s robustos.<\/p>\n<\/li>\n<li class=\"\" data-start=\"1476\" data-end=\"1647\">\n<p class=\"\" data-start=\"1478\" data-end=\"1647\"><strong data-start=\"1478\" data-end=\"1505\">Ligero y f\u00e1cil de usar:<\/strong> A pesar de su gran capacidad de amortiguaci\u00f3n, BIOFILL es ligero, lo que reduce los costos de env\u00edo sin comprometer la seguridad del paquete.<\/p>\n<\/li>\n<li class=\"\" data-start=\"1648\" data-end=\"1819\">\n<p class=\"\" data-start=\"1650\" data-end=\"1819\"><strong data-start=\"1650\" data-end=\"1689\">No t\u00f3xico y sin productos qu\u00edmicos:<\/strong> BIOFILL es completamente seguro para el manejo y el medio ambiente, sin productos qu\u00edmicos que puedan da\u00f1ar productos o personas.<\/p>\n<\/li>\n<\/ul>\n<hr class=\"\" data-start=\"1821\" data-end=\"1824\" \/>\n<h3 class=\"\" data-start=\"1826\" data-end=\"1861\"><strong data-start=\"1830\" data-end=\"1861\">Beneficios Clave de BIOFILL<\/strong><\/h3>\n<p class=\"\" data-start=\"1863\" data-end=\"2513\">\u2714 <strong data-start=\"1865\" data-end=\"1903\">Excelente protecci\u00f3n de productos:<\/strong> Evita da\u00f1os durante el env\u00edo, reduciendo el riesgo de p\u00e9rdidas o da\u00f1os a tus productos.<br data-start=\"1991\" data-end=\"1994\" \/>\u2714 <strong data-start=\"1996\" data-end=\"2031\">Amigable con el medio ambiente:<\/strong> Biodegradable y reciclable, ideal para empresas que buscan opciones ecol\u00f3gicas para su empaque.<br data-start=\"2127\" data-end=\"2130\" \/>\u2714 <strong data-start=\"2132\" data-end=\"2153\">Ahorro de costos:<\/strong> Al ser ligero y eficiente, BIOFILL ayuda a reducir costos log\u00edsticos y de transporte.<br data-start=\"2239\" data-end=\"2242\" \/>\u2714 <strong data-start=\"2244\" data-end=\"2265\">Facilidad de uso:<\/strong> Se adapta f\u00e1cilmente a diferentes tipos de productos y tama\u00f1os, permitiendo un proceso de empaque r\u00e1pido y eficiente.<br data-start=\"2383\" data-end=\"2386\" \/>\u2714 <strong data-start=\"2388\" data-end=\"2414\">Seguridad garantizada:<\/strong> Protege tus productos contra impactos, humedad y otras condiciones adversas durante el transporte.<\/p>\n<hr class=\"\" data-start=\"2515\" data-end=\"2518\" \/>\n<h3 class=\"\" data-start=\"2520\" data-end=\"2609\"><strong data-start=\"2524\" data-end=\"2609\">La Opci\u00f3n Perfecta para Empresas Comprometidas con la Sostenibilidad y la Calidad<\/strong><\/h3>\n<p class=\"\" data-start=\"2611\" data-end=\"2881\"><strong data-start=\"2611\" data-end=\"2622\">BIOFILL<\/strong> es la soluci\u00f3n perfecta para empresas que buscan un material de empaque eficiente, econ\u00f3mico y respetuoso con el medio ambiente. Es la opci\u00f3n ideal para quienes desean ofrecer un embalaje seguro y profesional mientras contribuyen a la protecci\u00f3n del planeta.<\/p>\n<hr class=\"\" data-start=\"2883\" data-end=\"2886\" \/>\n<h3 class=\"\" data-start=\"2888\" data-end=\"2943\"><strong data-start=\"2892\" data-end=\"2943\">Optimiza tus Operaciones de Empaque con BIOFILL<\/strong><\/h3>\n<p class=\"\" data-start=\"2945\" data-end=\"3214\">No arriesgues la seguridad de tus productos ni el futuro del medio ambiente. Haz la transici\u00f3n a <strong data-start=\"3042\" data-end=\"3053\">BIOFILL<\/strong> hoy mismo y ofrece a tus clientes un empaque seguro, eficiente y ecol\u00f3gico. \u00a1Contacta con nosotros para obtener m\u00e1s informaci\u00f3n y mejorar tu proceso de empaque!<\/p>\n\n\t\t<\/div>\n\t\t\t\t\t<\/div>\n\n\t\n\n<\/div>\n\n","protected":false},"excerpt":{"rendered":"","protected":false},"author":1,"featured_media":0,"parent":0,"menu_order":0,"comment_status":"closed","ping_status":"closed","template":"","meta":{"_joinchat":[],"footnotes":""},"class_list":["post-701","page","type-page","status-publish","hentry"],"yoast_head":"<!-- This site is optimized with the Yoast SEO Premium plugin v24.6 (Yoast SEO v27.1.1) - https:\/\/yoast.com\/product\/yoast-seo-premium-wordpress\/ -->\n<title>BIOFILL - Corporaci&oacute;n Four Global<\/title>\n<meta name=\"robots\" content=\"index, follow, max-snippet:-1, max-image-preview:large, max-video-preview:-1\" \/>\n<link rel=\"canonical\" href=\"https:\/\/www.corporacionfourglobal.com\/tienda\/biofill\/\" \/>\n<meta property=\"og:locale\" content=\"es_ES\" \/>\n<meta property=\"og:type\" content=\"article\" \/>\n<meta property=\"og:title\" content=\"BIOFILL\" \/>\n<meta property=\"og:url\" content=\"https:\/\/www.corporacionfourglobal.com\/tienda\/biofill\/\" \/>\n<meta property=\"og:site_name\" content=\"Corporaci&oacute;n Four Global\" \/>\n<meta property=\"article:publisher\" content=\"https:\/\/www.facebook.com\/people\/CorporaciC3B3n-Four-Global\/100075753681876\/\" \/>\n<meta property=\"article:modified_time\" content=\"2025-03-26T00:53:54+00:00\" \/>\n<meta name=\"twitter:card\" content=\"summary_large_image\" \/>\n<script type=\"application\/ld+json\" class=\"yoast-schema-graph\">{\"@context\":\"https:\/\/schema.org\",\"@graph\":[{\"@type\":\"WebPage\",\"@id\":\"https:\/\/www.corporacionfourglobal.com\/tienda\/biofill\/\",\"url\":\"https:\/\/www.corporacionfourglobal.com\/tienda\/biofill\/\",\"name\":\"BIOFILL - Corporaci&oacute;n Four Global\",\"isPartOf\":{\"@id\":\"https:\/\/www.corporacionfourglobal.com\/tienda\/#website\"},\"datePublished\":\"2023-04-26T21:10:53+00:00\",\"dateModified\":\"2025-03-26T00:53:54+00:00\",\"breadcrumb\":{\"@id\":\"https:\/\/www.corporacionfourglobal.com\/tienda\/biofill\/#breadcrumb\"},\"inLanguage\":\"es\",\"potentialAction\":[{\"@type\":\"ReadAction\",\"target\":[\"https:\/\/www.corporacionfourglobal.com\/tienda\/biofill\/\"]}]},{\"@type\":\"BreadcrumbList\",\"@id\":\"https:\/\/www.corporacionfourglobal.com\/tienda\/biofill\/#breadcrumb\",\"itemListElement\":[{\"@type\":\"ListItem\",\"position\":1,\"name\":\"Portada\",\"item\":\"https:\/\/www.corporacionfourglobal.com\/tienda\/\"},{\"@type\":\"ListItem\",\"position\":2,\"name\":\"BIOFILL\"}]},{\"@type\":\"WebSite\",\"@id\":\"https:\/\/www.corporacionfourglobal.com\/tienda\/#website\",\"url\":\"https:\/\/www.corporacionfourglobal.com\/tienda\/\",\"name\":\"Corporaci\u00f3n Four Global\",\"description\":\"Veloces, Confiables y Eficientes\",\"publisher\":{\"@id\":\"https:\/\/www.corporacionfourglobal.com\/tienda\/#organization\"},\"potentialAction\":[{\"@type\":\"SearchAction\",\"target\":{\"@type\":\"EntryPoint\",\"urlTemplate\":\"https:\/\/www.corporacionfourglobal.com\/tienda\/?s={search_term_string}\"},\"query-input\":{\"@type\":\"PropertyValueSpecification\",\"valueRequired\":true,\"valueName\":\"search_term_string\"}}],\"inLanguage\":\"es\"},{\"@type\":\"Organization\",\"@id\":\"https:\/\/www.corporacionfourglobal.com\/tienda\/#organization\",\"name\":\"Corporaci\u00f3n Four Global\",\"url\":\"https:\/\/www.corporacionfourglobal.com\/tienda\/\",\"logo\":{\"@type\":\"ImageObject\",\"inLanguage\":\"es\",\"@id\":\"https:\/\/www.corporacionfourglobal.com\/tienda\/#\/schema\/logo\/image\/\",\"url\":\"https:\/\/www.corporacionfourglobal.com\/tienda\/wp-content\/uploads\/2021\/10\/logo-web-2.jpg\",\"contentUrl\":\"https:\/\/www.corporacionfourglobal.com\/tienda\/wp-content\/uploads\/2021\/10\/logo-web-2.jpg\",\"width\":500,\"height\":500,\"caption\":\"Corporaci\u00f3n Four Global\"},\"image\":{\"@id\":\"https:\/\/www.corporacionfourglobal.com\/tienda\/#\/schema\/logo\/image\/\"},\"sameAs\":[\"https:\/\/www.facebook.com\/people\/CorporaciC3B3n-Four-Global\/100075753681876\/\",\"https:\/\/www.instagram.com\/fourglobal2021\/\"]}]}<\/script>\n<!-- \/ Yoast SEO Premium plugin. -->","yoast_head_json":{"title":"BIOFILL - Corporaci&oacute;n Four Global","robots":{"index":"index","follow":"follow","max-snippet":"max-snippet:-1","max-image-preview":"max-image-preview:large","max-video-preview":"max-video-preview:-1"},"canonical":"https:\/\/www.corporacionfourglobal.com\/tienda\/biofill\/","og_locale":"es_ES","og_type":"article","og_title":"BIOFILL","og_url":"https:\/\/www.corporacionfourglobal.com\/tienda\/biofill\/","og_site_name":"Corporaci&oacute;n Four Global","article_publisher":"https:\/\/www.facebook.com\/people\/CorporaciC3B3n-Four-Global\/100075753681876\/","article_modified_time":"2025-03-26T00:53:54+00:00","twitter_card":"summary_large_image","schema":{"@context":"https:\/\/schema.org","@graph":[{"@type":"WebPage","@id":"https:\/\/www.corporacionfourglobal.com\/tienda\/biofill\/","url":"https:\/\/www.corporacionfourglobal.com\/tienda\/biofill\/","name":"BIOFILL - Corporaci&oacute;n Four Global","isPartOf":{"@id":"https:\/\/www.corporacionfourglobal.com\/tienda\/#website"},"datePublished":"2023-04-26T21:10:53+00:00","dateModified":"2025-03-26T00:53:54+00:00","breadcrumb":{"@id":"https:\/\/www.corporacionfourglobal.com\/tienda\/biofill\/#breadcrumb"},"inLanguage":"es","potentialAction":[{"@type":"ReadAction","target":["https:\/\/www.corporacionfourglobal.com\/tienda\/biofill\/"]}]},{"@type":"BreadcrumbList","@id":"https:\/\/www.corporacionfourglobal.com\/tienda\/biofill\/#breadcrumb","itemListElement":[{"@type":"ListItem","position":1,"name":"Portada","item":"https:\/\/www.corporacionfourglobal.com\/tienda\/"},{"@type":"ListItem","position":2,"name":"BIOFILL"}]},{"@type":"WebSite","@id":"https:\/\/www.corporacionfourglobal.com\/tienda\/#website","url":"https:\/\/www.corporacionfourglobal.com\/tienda\/","name":"Corporaci\u00f3n Four Global","description":"Veloces, Confiables y Eficientes","publisher":{"@id":"https:\/\/www.corporacionfourglobal.com\/tienda\/#organization"},"potentialAction":[{"@type":"SearchAction","target":{"@type":"EntryPoint","urlTemplate":"https:\/\/www.corporacionfourglobal.com\/tienda\/?s={search_term_string}"},"query-input":{"@type":"PropertyValueSpecification","valueRequired":true,"valueName":"search_term_string"}}],"inLanguage":"es"},{"@type":"Organization","@id":"https:\/\/www.corporacionfourglobal.com\/tienda\/#organization","name":"Corporaci\u00f3n Four Global","url":"https:\/\/www.corporacionfourglobal.com\/tienda\/","logo":{"@type":"ImageObject","inLanguage":"es","@id":"https:\/\/www.corporacionfourglobal.com\/tienda\/#\/schema\/logo\/image\/","url":"https:\/\/www.corporacionfourglobal.com\/tienda\/wp-content\/uploads\/2021\/10\/logo-web-2.jpg","contentUrl":"https:\/\/www.corporacionfourglobal.com\/tienda\/wp-content\/uploads\/2021\/10\/logo-web-2.jpg","width":500,"height":500,"caption":"Corporaci\u00f3n Four Global"},"image":{"@id":"https:\/\/www.corporacionfourglobal.com\/tienda\/#\/schema\/logo\/image\/"},"sameAs":["https:\/\/www.facebook.com\/people\/CorporaciC3B3n-Four-Global\/100075753681876\/","https:\/\/www.instagram.com\/fourglobal2021\/"]}]}},"_links":{"self":[{"href":"https:\/\/www.corporacionfourglobal.com\/tienda\/wp-json\/wp\/v2\/pages\/701","targetHints":{"allow":["GET"]}}],"collection":[{"href":"https:\/\/www.corporacionfourglobal.com\/tienda\/wp-json\/wp\/v2\/pages"}],"about":[{"href":"https:\/\/www.corporacionfourglobal.com\/tienda\/wp-json\/wp\/v2\/types\/page"}],"author":[{"embeddable":true,"href":"https:\/\/www.corporacionfourglobal.com\/tienda\/wp-json\/wp\/v2\/users\/1"}],"replies":[{"embeddable":true,"href":"https:\/\/www.corporacionfourglobal.com\/tienda\/wp-json\/wp\/v2\/comments?post=701"}],"version-history":[{"count":3,"href":"https:\/\/www.corporacionfourglobal.com\/tienda\/wp-json\/wp\/v2\/pages\/701\/revisions"}],"predecessor-version":[{"id":1036,"href":"https:\/\/www.corporacionfourglobal.com\/tienda\/wp-json\/wp\/v2\/pages\/701\/revisions\/1036"}],"wp:attachment":[{"href":"https:\/\/www.corporacionfourglobal.com\/tienda\/wp-json\/wp\/v2\/media?parent=701"}],"curies":[{"name":"wp","href":"https:\/\/api.w.org\/{rel}","templated":true}]}}