{"id":285,"date":"2021-10-14T20:29:08","date_gmt":"2021-10-14T20:29:08","guid":{"rendered":"https:\/\/www.corporacionfourglobal.com\/?page_id=285"},"modified":"2025-05-23T20:32:57","modified_gmt":"2025-05-23T20:32:57","slug":"quienes-somos","status":"publish","type":"page","link":"https:\/\/www.corporacionfourglobal.com\/tienda\/quienes-somos\/","title":{"rendered":"Empresa"},"content":{"rendered":"\n\t<div class=\"img has-hover x md-x lg-x y md-y lg-y\" id=\"image_859205944\">\n\t\t\t\t\t\t\t\t<div class=\"img-inner dark\" >\n\t\t\t<img loading=\"lazy\" decoding=\"async\" width=\"1020\" height=\"583\" src=\"https:\/\/www.corporacionfourglobal.com\/tienda\/wp-content\/uploads\/2025\/05\/slide.jpg\" class=\"attachment-large size-large\" alt=\"\" srcset=\"https:\/\/www.corporacionfourglobal.com\/tienda\/wp-content\/uploads\/2025\/05\/slide.jpg 1200w, https:\/\/www.corporacionfourglobal.com\/tienda\/wp-content\/uploads\/2025\/05\/slide-700x400.jpg 700w, https:\/\/www.corporacionfourglobal.com\/tienda\/wp-content\/uploads\/2025\/05\/slide-768x439.jpg 768w, https:\/\/www.corporacionfourglobal.com\/tienda\/wp-content\/uploads\/2025\/05\/slide-600x343.jpg 600w\" sizes=\"auto, (max-width: 1020px) 100vw, 1020px\" \/>\t\t\t\t\t\t\n\t\t\t\t\t<\/div>\n\t\t\t\t\t\t\t\t\n<style>\n#image_859205944 {\n  width: 100%;\n}\n<\/style>\n\t<\/div>\n\t\n\n<div class=\"row\"  id=\"row-1975250129\">\n\n\n\t<div id=\"col-992287583\" class=\"col small-12 large-12\"  >\n\t\t\t\t<div class=\"col-inner\"  >\n\t\t\t\n\t\t\t\n\n<div class=\"is-divider divider clearfix\" style=\"height:0px;\"><\/div>\n\n<div class=\"container section-title-container\" ><h3 class=\"section-title section-title-normal\"><b aria-hidden=\"true\"><\/b><span class=\"section-title-main\" >Quienes Somos<\/span><b aria-hidden=\"true\"><\/b><\/h3><\/div>\n\n<p>Somos una empresa con m\u00e1s de 20 a\u00f1os y estamos enfocados en la distribuci\u00f3n de productos para empaque y embalaje.<\/p>\n<p>&nbsp;Contamos con productos de la mejor calidad en material para empaque y embalaje. Hoy en d\u00eda, gracias a nuestra innovaci\u00f3n constante, compromiso y experiencia adquirida a lo largo de estos a\u00f1os somos l\u00edderes en productos para empaque, ofreciendo precios competitivos.<\/p>\n<p>Nuestro personal est\u00e1 100% calificado para atender las necesidades que requieres, desde asesor\u00eda en material hasta entrega inmediata<\/p>\n<p>Tenemos los costos m\u00e1s accesibles del mercado, proporcionamos opciones que se adapten a tu presupuesto.<\/p>\n<p>\u00a1Nuestro mayor compromiso es contigo!, brindamos completa satisfacci\u00f3n en cada uno de nuestros productos.<\/p>\n<p>&nbsp;<\/p>\n\n\t\t<\/div>\n\t\t\t\t\t<\/div>\n\n\t\n\n<\/div>\n<div class=\"row\"  id=\"row-1985591324\">\n\n\n\t<div id=\"col-195735970\" class=\"col medium-4 small-12 large-4\"  >\n\t\t\t\t<div class=\"col-inner\"  >\n\t\t\t\n\t\t\t\n\n\t<div class=\"img has-hover x md-x lg-x y md-y lg-y\" id=\"image_1425799161\">\n\t\t\t\t\t\t\t\t<div class=\"img-inner dark\" >\n\t\t\t<img loading=\"lazy\" decoding=\"async\" width=\"582\" height=\"800\" src=\"https:\/\/www.corporacionfourglobal.com\/tienda\/wp-content\/uploads\/2025\/05\/empresa01-582x800.jpg\" class=\"attachment-large size-large\" alt=\"\" srcset=\"https:\/\/www.corporacionfourglobal.com\/tienda\/wp-content\/uploads\/2025\/05\/empresa01-582x800.jpg 582w, https:\/\/www.corporacionfourglobal.com\/tienda\/wp-content\/uploads\/2025\/05\/empresa01-291x400.jpg 291w, https:\/\/www.corporacionfourglobal.com\/tienda\/wp-content\/uploads\/2025\/05\/empresa01-600x824.jpg 600w, https:\/\/www.corporacionfourglobal.com\/tienda\/wp-content\/uploads\/2025\/05\/empresa01.jpg 648w\" sizes=\"auto, (max-width: 582px) 100vw, 582px\" \/>\t\t\t\t\t\t\n\t\t\t\t\t<\/div>\n\t\t\t\t\t\t\t\t\n<style>\n#image_1425799161 {\n  width: 100%;\n}\n<\/style>\n\t<\/div>\n\t\n\n\n\t\t<\/div>\n\t\t\t\t\t<\/div>\n\n\t\n\n\t<div id=\"col-756480400\" class=\"col medium-4 small-12 large-4\"  >\n\t\t\t\t<div class=\"col-inner\"  >\n\t\t\t\n\t\t\t\n\n\t<div class=\"img has-hover x md-x lg-x y md-y lg-y\" id=\"image_386194482\">\n\t\t\t\t\t\t\t\t<div class=\"img-inner dark\" >\n\t\t\t<img loading=\"lazy\" decoding=\"async\" width=\"500\" height=\"686\" src=\"https:\/\/www.corporacionfourglobal.com\/tienda\/wp-content\/uploads\/2025\/05\/empresa.jpg\" class=\"attachment-large size-large\" alt=\"\" srcset=\"https:\/\/www.corporacionfourglobal.com\/tienda\/wp-content\/uploads\/2025\/05\/empresa.jpg 500w, https:\/\/www.corporacionfourglobal.com\/tienda\/wp-content\/uploads\/2025\/05\/empresa-292x400.jpg 292w\" sizes=\"auto, (max-width: 500px) 100vw, 500px\" \/>\t\t\t\t\t\t\n\t\t\t\t\t<\/div>\n\t\t\t\t\t\t\t\t\n<style>\n#image_386194482 {\n  width: 100%;\n}\n<\/style>\n\t<\/div>\n\t\n\n\n\t\t<\/div>\n\t\t\t\t\t<\/div>\n\n\t\n\n\t<div id=\"col-355506243\" class=\"col medium-4 small-12 large-4\"  >\n\t\t\t\t<div class=\"col-inner\"  >\n\t\t\t\n\t\t\t\n\n\t<div class=\"img has-hover x md-x lg-x y md-y lg-y\" id=\"image_1435193537\">\n\t\t\t\t\t\t\t\t<div class=\"img-inner dark\" >\n\t\t\t<img loading=\"lazy\" decoding=\"async\" width=\"500\" height=\"686\" src=\"https:\/\/www.corporacionfourglobal.com\/tienda\/wp-content\/uploads\/2025\/05\/empresa02.jpg\" class=\"attachment-large size-large\" alt=\"\" srcset=\"https:\/\/www.corporacionfourglobal.com\/tienda\/wp-content\/uploads\/2025\/05\/empresa02.jpg 500w, https:\/\/www.corporacionfourglobal.com\/tienda\/wp-content\/uploads\/2025\/05\/empresa02-292x400.jpg 292w\" sizes=\"auto, (max-width: 500px) 100vw, 500px\" \/>\t\t\t\t\t\t\n\t\t\t\t\t<\/div>\n\t\t\t\t\t\t\t\t\n<style>\n#image_1435193537 {\n  width: 100%;\n}\n<\/style>\n\t<\/div>\n\t\n\n\n\t\t<\/div>\n\t\t\t\t\t<\/div>\n\n\t\n\n<\/div>\n\n","protected":false},"excerpt":{"rendered":"","protected":false},"author":1,"featured_media":0,"parent":0,"menu_order":0,"comment_status":"closed","ping_status":"closed","template":"page-blank.php","meta":{"_joinchat":[],"footnotes":""},"class_list":["post-285","page","type-page","status-publish","hentry"],"yoast_head":"<!-- This site is optimized with the Yoast SEO Premium plugin v24.6 (Yoast SEO v27.1.1) - https:\/\/yoast.com\/product\/yoast-seo-premium-wordpress\/ -->\n<title>Pelicula estirable | Cart\u00f3n corrugado | Cinta Canela<\/title>\n<meta name=\"description\" content=\"\u00bfBuscas pel\u00edcula estirable? Corporaci\u00f3n Four Global tiene la soluci\u00f3n precios de mayoreo y envio a todo M\u00e9xico. Ll\u00e1manos\" \/>\n<meta name=\"robots\" content=\"index, follow, max-snippet:-1, max-image-preview:large, max-video-preview:-1\" \/>\n<link rel=\"canonical\" href=\"https:\/\/www.corporacionfourglobal.com\/tienda\/quienes-somos\/\" \/>\n<meta property=\"og:locale\" content=\"es_ES\" \/>\n<meta property=\"og:type\" content=\"article\" \/>\n<meta property=\"og:title\" content=\"Empresa\" \/>\n<meta property=\"og:description\" content=\"\u00bfBuscas pel\u00edcula estirable? Corporaci\u00f3n Four Global tiene la soluci\u00f3n precios de mayoreo y envio a todo M\u00e9xico. Ll\u00e1manos\" \/>\n<meta property=\"og:url\" content=\"https:\/\/www.corporacionfourglobal.com\/tienda\/quienes-somos\/\" \/>\n<meta property=\"og:site_name\" content=\"Corporaci&oacute;n Four Global\" \/>\n<meta property=\"article:publisher\" content=\"https:\/\/www.facebook.com\/people\/CorporaciC3B3n-Four-Global\/100075753681876\/\" \/>\n<meta property=\"article:modified_time\" content=\"2025-05-23T20:32:57+00:00\" \/>\n<meta name=\"twitter:card\" content=\"summary_large_image\" \/>\n<meta name=\"twitter:label1\" content=\"Tiempo de lectura\" \/>\n\t<meta name=\"twitter:data1\" content=\"1 minuto\" \/>\n<script type=\"application\/ld+json\" class=\"yoast-schema-graph\">{\"@context\":\"https:\/\/schema.org\",\"@graph\":[{\"@type\":\"WebPage\",\"@id\":\"https:\/\/www.corporacionfourglobal.com\/tienda\/quienes-somos\/\",\"url\":\"https:\/\/www.corporacionfourglobal.com\/tienda\/quienes-somos\/\",\"name\":\"Pelicula estirable | Cart\u00f3n corrugado | Cinta Canela\",\"isPartOf\":{\"@id\":\"https:\/\/www.corporacionfourglobal.com\/tienda\/#website\"},\"datePublished\":\"2021-10-14T20:29:08+00:00\",\"dateModified\":\"2025-05-23T20:32:57+00:00\",\"description\":\"\u00bfBuscas pel\u00edcula estirable? Corporaci\u00f3n Four Global tiene la soluci\u00f3n precios de mayoreo y envio a todo M\u00e9xico. Ll\u00e1manos\",\"breadcrumb\":{\"@id\":\"https:\/\/www.corporacionfourglobal.com\/tienda\/quienes-somos\/#breadcrumb\"},\"inLanguage\":\"es\",\"potentialAction\":[{\"@type\":\"ReadAction\",\"target\":[\"https:\/\/www.corporacionfourglobal.com\/tienda\/quienes-somos\/\"]}]},{\"@type\":\"BreadcrumbList\",\"@id\":\"https:\/\/www.corporacionfourglobal.com\/tienda\/quienes-somos\/#breadcrumb\",\"itemListElement\":[{\"@type\":\"ListItem\",\"position\":1,\"name\":\"Portada\",\"item\":\"https:\/\/www.corporacionfourglobal.com\/tienda\/\"},{\"@type\":\"ListItem\",\"position\":2,\"name\":\"Empresa\"}]},{\"@type\":\"WebSite\",\"@id\":\"https:\/\/www.corporacionfourglobal.com\/tienda\/#website\",\"url\":\"https:\/\/www.corporacionfourglobal.com\/tienda\/\",\"name\":\"Corporaci\u00f3n Four Global\",\"description\":\"Veloces, Confiables y Eficientes\",\"publisher\":{\"@id\":\"https:\/\/www.corporacionfourglobal.com\/tienda\/#organization\"},\"potentialAction\":[{\"@type\":\"SearchAction\",\"target\":{\"@type\":\"EntryPoint\",\"urlTemplate\":\"https:\/\/www.corporacionfourglobal.com\/tienda\/?s={search_term_string}\"},\"query-input\":{\"@type\":\"PropertyValueSpecification\",\"valueRequired\":true,\"valueName\":\"search_term_string\"}}],\"inLanguage\":\"es\"},{\"@type\":\"Organization\",\"@id\":\"https:\/\/www.corporacionfourglobal.com\/tienda\/#organization\",\"name\":\"Corporaci\u00f3n Four Global\",\"url\":\"https:\/\/www.corporacionfourglobal.com\/tienda\/\",\"logo\":{\"@type\":\"ImageObject\",\"inLanguage\":\"es\",\"@id\":\"https:\/\/www.corporacionfourglobal.com\/tienda\/#\/schema\/logo\/image\/\",\"url\":\"https:\/\/www.corporacionfourglobal.com\/tienda\/wp-content\/uploads\/2021\/10\/logo-web-2.jpg\",\"contentUrl\":\"https:\/\/www.corporacionfourglobal.com\/tienda\/wp-content\/uploads\/2021\/10\/logo-web-2.jpg\",\"width\":500,\"height\":500,\"caption\":\"Corporaci\u00f3n Four Global\"},\"image\":{\"@id\":\"https:\/\/www.corporacionfourglobal.com\/tienda\/#\/schema\/logo\/image\/\"},\"sameAs\":[\"https:\/\/www.facebook.com\/people\/CorporaciC3B3n-Four-Global\/100075753681876\/\",\"https:\/\/www.instagram.com\/fourglobal2021\/\"]}]}<\/script>\n<!-- \/ Yoast SEO Premium plugin. -->","yoast_head_json":{"title":"Pelicula estirable | Cart\u00f3n corrugado | Cinta Canela","description":"\u00bfBuscas pel\u00edcula estirable? Corporaci\u00f3n Four Global tiene la soluci\u00f3n precios de mayoreo y envio a todo M\u00e9xico. Ll\u00e1manos","robots":{"index":"index","follow":"follow","max-snippet":"max-snippet:-1","max-image-preview":"max-image-preview:large","max-video-preview":"max-video-preview:-1"},"canonical":"https:\/\/www.corporacionfourglobal.com\/tienda\/quienes-somos\/","og_locale":"es_ES","og_type":"article","og_title":"Empresa","og_description":"\u00bfBuscas pel\u00edcula estirable? Corporaci\u00f3n Four Global tiene la soluci\u00f3n precios de mayoreo y envio a todo M\u00e9xico. Ll\u00e1manos","og_url":"https:\/\/www.corporacionfourglobal.com\/tienda\/quienes-somos\/","og_site_name":"Corporaci&oacute;n Four Global","article_publisher":"https:\/\/www.facebook.com\/people\/CorporaciC3B3n-Four-Global\/100075753681876\/","article_modified_time":"2025-05-23T20:32:57+00:00","twitter_card":"summary_large_image","twitter_misc":{"Tiempo de lectura":"1 minuto"},"schema":{"@context":"https:\/\/schema.org","@graph":[{"@type":"WebPage","@id":"https:\/\/www.corporacionfourglobal.com\/tienda\/quienes-somos\/","url":"https:\/\/www.corporacionfourglobal.com\/tienda\/quienes-somos\/","name":"Pelicula estirable | Cart\u00f3n corrugado | Cinta Canela","isPartOf":{"@id":"https:\/\/www.corporacionfourglobal.com\/tienda\/#website"},"datePublished":"2021-10-14T20:29:08+00:00","dateModified":"2025-05-23T20:32:57+00:00","description":"\u00bfBuscas pel\u00edcula estirable? Corporaci\u00f3n Four Global tiene la soluci\u00f3n precios de mayoreo y envio a todo M\u00e9xico. Ll\u00e1manos","breadcrumb":{"@id":"https:\/\/www.corporacionfourglobal.com\/tienda\/quienes-somos\/#breadcrumb"},"inLanguage":"es","potentialAction":[{"@type":"ReadAction","target":["https:\/\/www.corporacionfourglobal.com\/tienda\/quienes-somos\/"]}]},{"@type":"BreadcrumbList","@id":"https:\/\/www.corporacionfourglobal.com\/tienda\/quienes-somos\/#breadcrumb","itemListElement":[{"@type":"ListItem","position":1,"name":"Portada","item":"https:\/\/www.corporacionfourglobal.com\/tienda\/"},{"@type":"ListItem","position":2,"name":"Empresa"}]},{"@type":"WebSite","@id":"https:\/\/www.corporacionfourglobal.com\/tienda\/#website","url":"https:\/\/www.corporacionfourglobal.com\/tienda\/","name":"Corporaci\u00f3n Four Global","description":"Veloces, Confiables y Eficientes","publisher":{"@id":"https:\/\/www.corporacionfourglobal.com\/tienda\/#organization"},"potentialAction":[{"@type":"SearchAction","target":{"@type":"EntryPoint","urlTemplate":"https:\/\/www.corporacionfourglobal.com\/tienda\/?s={search_term_string}"},"query-input":{"@type":"PropertyValueSpecification","valueRequired":true,"valueName":"search_term_string"}}],"inLanguage":"es"},{"@type":"Organization","@id":"https:\/\/www.corporacionfourglobal.com\/tienda\/#organization","name":"Corporaci\u00f3n Four Global","url":"https:\/\/www.corporacionfourglobal.com\/tienda\/","logo":{"@type":"ImageObject","inLanguage":"es","@id":"https:\/\/www.corporacionfourglobal.com\/tienda\/#\/schema\/logo\/image\/","url":"https:\/\/www.corporacionfourglobal.com\/tienda\/wp-content\/uploads\/2021\/10\/logo-web-2.jpg","contentUrl":"https:\/\/www.corporacionfourglobal.com\/tienda\/wp-content\/uploads\/2021\/10\/logo-web-2.jpg","width":500,"height":500,"caption":"Corporaci\u00f3n Four Global"},"image":{"@id":"https:\/\/www.corporacionfourglobal.com\/tienda\/#\/schema\/logo\/image\/"},"sameAs":["https:\/\/www.facebook.com\/people\/CorporaciC3B3n-Four-Global\/100075753681876\/","https:\/\/www.instagram.com\/fourglobal2021\/"]}]}},"_links":{"self":[{"href":"https:\/\/www.corporacionfourglobal.com\/tienda\/wp-json\/wp\/v2\/pages\/285","targetHints":{"allow":["GET"]}}],"collection":[{"href":"https:\/\/www.corporacionfourglobal.com\/tienda\/wp-json\/wp\/v2\/pages"}],"about":[{"href":"https:\/\/www.corporacionfourglobal.com\/tienda\/wp-json\/wp\/v2\/types\/page"}],"author":[{"embeddable":true,"href":"https:\/\/www.corporacionfourglobal.com\/tienda\/wp-json\/wp\/v2\/users\/1"}],"replies":[{"embeddable":true,"href":"https:\/\/www.corporacionfourglobal.com\/tienda\/wp-json\/wp\/v2\/comments?post=285"}],"version-history":[{"count":1,"href":"https:\/\/www.corporacionfourglobal.com\/tienda\/wp-json\/wp\/v2\/pages\/285\/revisions"}],"predecessor-version":[{"id":1066,"href":"https:\/\/www.corporacionfourglobal.com\/tienda\/wp-json\/wp\/v2\/pages\/285\/revisions\/1066"}],"wp:attachment":[{"href":"https:\/\/www.corporacionfourglobal.com\/tienda\/wp-json\/wp\/v2\/media?parent=285"}],"curies":[{"name":"wp","href":"https:\/\/api.w.org\/{rel}","templated":true}]}}